{"id":14789,"date":"2024-05-29T12:12:38","date_gmt":"2024-05-29T10:12:38","guid":{"rendered":"https:\/\/www.hallein.com\/erleben\/veranstaltung\/stadtfestwoche-2024-4\/"},"modified":"2024-05-29T12:12:38","modified_gmt":"2024-05-29T10:12:38","slug":"stadtfestwoche-2024-4","status":"publish","type":"cpt_event","link":"https:\/\/www.hallein.com\/en\/erleben\/veranstaltung\/stadtfestwoche-2024-4\/","title":{"rendered":"Stadtfestwoche 2024"},"content":{"rendered":"<p><strong>Musikalische Vielfalt<\/strong><\/p>\n<p>Die Bergknappenmusikkapelle Bad D\u00fcrrnberg z\u00e4hlt zu den \u00e4ltesten musikalischen Klangk\u00f6rpern \u00d6sterreichs, mit der ersten urkundlichen Erw\u00e4hnung im Jahr 1586. Heute z\u00e4hlt sie 76 aktive Musiker:innen sowie 6 Marketenderinnen. Das Repertoire der Kapelle reicht von konzertanter, symphonischer Literatur \u00fcber traditionelle Blasmusik bis zu Filmmusik und Adaptionen bekannter Rock- und Pop-Hits.<\/p>\n<p><strong>Der Eintritt ist frei!<\/strong><\/p>\n<p><strong><a href=\"https:\/\/www.hallein.com\/wp-content\/uploads\/2024\/05\/HA_Stadtfestwoche_2024_Flyer_web-2.pdf\" target=\"_blank\" rel=\"noopener\">Hier geht\u00b4s zum detaillierten Programm.<\/a><\/strong><\/p>\n","protected":false},"excerpt":{"rendered":"<p>Musikalische Vielfalt Die Bergknappenmusikkapelle Bad D\u00fcrrnberg z\u00e4hlt zu den \u00e4ltesten musikalischen Klangk\u00f6rpern \u00d6sterreichs, mit der ersten urkundlichen Erw\u00e4hnung im Jahr 1586. Heute z\u00e4hlt sie 76 aktive Musiker:innen sowie 6 Marketenderinnen. Das Repertoire der Kapelle reicht von konzertanter, symphonischer Literatur \u00fcber traditionelle Blasmusik bis zu Filmmusik und Adaptionen bekannter Rock- und Pop-Hits. Der Eintritt ist frei! [&hellip;]<\/p>\n","protected":false},"featured_media":14432,"menu_order":1,"template":"","class_list":["post-14789","cpt_event","type-cpt_event","status-publish","has-post-thumbnail","hentry"],"acf":[],"_links":{"self":[{"href":"https:\/\/www.hallein.com\/en\/wp-json\/wp\/v2\/cpt_event\/14789","targetHints":{"allow":["GET"]}}],"collection":[{"href":"https:\/\/www.hallein.com\/en\/wp-json\/wp\/v2\/cpt_event"}],"about":[{"href":"https:\/\/www.hallein.com\/en\/wp-json\/wp\/v2\/types\/cpt_event"}],"wp:featuredmedia":[{"embeddable":true,"href":"https:\/\/www.hallein.com\/en\/wp-json\/wp\/v2\/media\/14432"}],"wp:attachment":[{"href":"https:\/\/www.hallein.com\/en\/wp-json\/wp\/v2\/media?parent=14789"}],"curies":[{"name":"wp","href":"https:\/\/api.w.org\/{rel}","templated":true}]}}

<p><strong>Musikalische Vielfalt</strong></p>
<p>Die Bergknappenmusikkapelle Bad Dürrnberg zählt zu den ältesten musikalischen Klangkörpern Österreichs, mit der ersten urkundlichen Erwähnung im Jahr 1586. Heute zählt sie 76 aktive Musiker:innen sowie 6 Marketenderinnen. Das Repertoire der Kapelle reicht von konzertanter, symphonischer Literatur über traditionelle Blasmusik bis zu Filmmusik und Adaptionen bekannter Rock- und Pop-Hits.</p>
<p><strong>Der Eintritt ist frei!</strong></p>
<p><strong><a href="https://www.hallein.com/wp-content/uploads/2024/05/HA_Stadtfestwoche_2024_Flyer_web-2.pdf" target="_blank" rel="noopener">Hier geht´s zum detaillierten Programm.</a></strong></p>

<p>Musikalische Vielfalt Die Bergknappenmusikkapelle Bad Dürrnberg zählt zu den ältesten musikalischen Klangkörpern Österreichs, mit der ersten urkundlichen Erwähnung im Jahr 1586. Heute zählt sie 76 aktive Musiker:innen sowie 6 Marketenderinnen. Das Repertoire der Kapelle reicht von konzertanter, symphonischer Literatur über traditionelle Blasmusik bis zu Filmmusik und Adaptionen bekannter Rock- und Pop-Hits. Der Eintritt ist frei! [&hellip;]</p>
