{"id":13818,"date":"2024-03-11T12:30:23","date_gmt":"2024-03-11T11:30:23","guid":{"rendered":"https:\/\/www.hallein.com\/erleben\/veranstaltung\/die-orestie-salzburger-festspiele-8\/"},"modified":"2024-03-11T12:30:23","modified_gmt":"2024-03-11T11:30:23","slug":"die-orestie-salzburger-festspiele-8","status":"publish","type":"cpt_event","link":"https:\/\/www.hallein.com\/en\/erleben\/veranstaltung\/die-orestie-salzburger-festspiele-8\/","title":{"rendered":"Die Orestie &#8211; Salzburger Festspiele"},"content":{"rendered":"<p><b>Premiere<br \/>\nIn einer Textfassung von Nicolas Stemann &#8211; Neuinszenierung<\/b><\/p>\n<p>\u201eFortan siege stets unser Bem\u00fchen f\u00fcr das Gute.\u201c Menschen verletzen Menschen,\u00a0V\u00f6lker V\u00f6lker. Gewalt erzeugt Gewalt. Bomben Bomben. Der nat\u00fcrliche Reflex scheint zu sein: Vergeltung, Strafe, Rache, sogar Vernichtung, bis an die Grenze zur Selbstausl\u00f6schung der Art.<br \/>\nDa, wo die klassische\u00a0<em>Orestie<\/em>\u00a0beginnt, liegt schon \u00fcber Generationen ein Schlachtfeld des Grauens hinter den Protagonisten. Mit der dreiteiligen\u00a0<em>Orestie<\/em> des Aischylos beginnt die europ\u00e4ische Theatergeschichte. Sie erz\u00e4hlt in einer Zeit, wo die attische Demokratie stabil wirkt, deren Vorgeschichte, den Gr\u00fcndungsmythos (\u201ewas bisher geschah\u201c).<\/p>\n<p>Nicolas Stemann &#8211; Regie<br \/>\nKatrin Nottrodt &#8211; B\u00fchne<br \/>\nClaudia Lehmann, Konrad Hempel &#8211; Video<\/p>\n<p>Besetzung mit Patrycia Zi\u00f3\u0142kowska,\u00a0Sebastian Rudolph,\u00a0Barbara N\u00fcsse,\u00a0Thomas K\u00fcrstner,\u00a0Sebastian Vogel, und anderen.<\/p>\n<p><strong><a href=\"https:\/\/www.salzburgerfestspiele.at\/p\/die-orestie-2024#tickets\" target=\"_blank\" rel=\"noopener\">Hier geht\u00b4s zu den Tickets!<\/a><\/strong><\/p>\n","protected":false},"excerpt":{"rendered":"<p>Premiere In einer Textfassung von Nicolas Stemann &#8211; Neuinszenierung \u201eFortan siege stets unser Bem\u00fchen f\u00fcr das Gute.\u201c Menschen verletzen Menschen,\u00a0V\u00f6lker V\u00f6lker. Gewalt erzeugt Gewalt. Bomben Bomben. Der nat\u00fcrliche Reflex scheint zu sein: Vergeltung, Strafe, Rache, sogar Vernichtung, bis an die Grenze zur Selbstausl\u00f6schung der Art. Da, wo die klassische\u00a0Orestie\u00a0beginnt, liegt schon \u00fcber Generationen ein Schlachtfeld [&hellip;]<\/p>\n","protected":false},"featured_media":8669,"menu_order":0,"template":"","class_list":["post-13818","cpt_event","type-cpt_event","status-publish","has-post-thumbnail","hentry"],"acf":[],"_links":{"self":[{"href":"https:\/\/www.hallein.com\/en\/wp-json\/wp\/v2\/cpt_event\/13818","targetHints":{"allow":["GET"]}}],"collection":[{"href":"https:\/\/www.hallein.com\/en\/wp-json\/wp\/v2\/cpt_event"}],"about":[{"href":"https:\/\/www.hallein.com\/en\/wp-json\/wp\/v2\/types\/cpt_event"}],"wp:featuredmedia":[{"embeddable":true,"href":"https:\/\/www.hallein.com\/en\/wp-json\/wp\/v2\/media\/8669"}],"wp:attachment":[{"href":"https:\/\/www.hallein.com\/en\/wp-json\/wp\/v2\/media?parent=13818"}],"curies":[{"name":"wp","href":"https:\/\/api.w.org\/{rel}","templated":true}]}}

<p><b>Premiere<br />
In einer Textfassung von Nicolas Stemann &#8211; Neuinszenierung</b></p>
<p>„Fortan siege stets unser Bemühen für das Gute.“ Menschen verletzen Menschen, Völker Völker. Gewalt erzeugt Gewalt. Bomben Bomben. Der natürliche Reflex scheint zu sein: Vergeltung, Strafe, Rache, sogar Vernichtung, bis an die Grenze zur Selbstauslöschung der Art.<br />
Da, wo die klassische <em>Orestie</em> beginnt, liegt schon über Generationen ein Schlachtfeld des Grauens hinter den Protagonisten. Mit der dreiteiligen <em>Orestie</em> des Aischylos beginnt die europäische Theatergeschichte. Sie erzählt in einer Zeit, wo die attische Demokratie stabil wirkt, deren Vorgeschichte, den Gründungsmythos („was bisher geschah“).</p>
<p>Nicolas Stemann &#8211; Regie<br />
Katrin Nottrodt &#8211; Bühne<br />
Claudia Lehmann, Konrad Hempel &#8211; Video</p>
<p>Besetzung mit Patrycia Ziółkowska, Sebastian Rudolph, Barbara Nüsse, Thomas Kürstner, Sebastian Vogel, und anderen.</p>
<p><strong><a href="https://www.salzburgerfestspiele.at/p/die-orestie-2024#tickets" target="_blank" rel="noopener">Hier geht´s zu den Tickets!</a></strong></p>

<p>Premiere In einer Textfassung von Nicolas Stemann &#8211; Neuinszenierung „Fortan siege stets unser Bemühen für das Gute.“ Menschen verletzen Menschen, Völker Völker. Gewalt erzeugt Gewalt. Bomben Bomben. Der natürliche Reflex scheint zu sein: Vergeltung, Strafe, Rache, sogar Vernichtung, bis an die Grenze zur Selbstauslöschung der Art. Da, wo die klassische Orestie beginnt, liegt schon über Generationen ein Schlachtfeld [&hellip;]</p>
