{"id":11369,"date":"2021-06-02T13:57:56","date_gmt":"2021-06-02T11:57:56","guid":{"rendered":"https:\/\/www.hallein.com\/erleben\/veranstaltung\/blick-und-winkel\/"},"modified":"2021-06-02T13:57:56","modified_gmt":"2021-06-02T11:57:56","slug":"blick-und-winkel","status":"publish","type":"cpt_event","link":"https:\/\/www.hallein.com\/en\/erleben\/veranstaltung\/blick-und-winkel\/","title":{"rendered":"Blick und Winkel"},"content":{"rendered":"<p><strong>Auf dieser einzigartigen Stadttour er\u00f6ffnen sich Ihnen v\u00f6llig neue (Foto-)Sichtweisen und Sie lernen, Ihre Sinne f\u00fcr das Einfangen ganz neuer Motive zu sch\u00e4rfen. <\/strong><\/p>\n<p>Leica-Profi-Fotografin Lisa Kutzelnig begleitet Sie auf dieser etwas anderen Stadttour mit anschlie\u00dfender Besprechung der entstandenen Bilder.<\/p>\n<p>&nbsp;<\/p>\n<p><strong>Termine:<\/strong> 19. M\u00e4rz, 21. April, 25. Juni<\/p>\n<p><strong>Start: <\/strong>Tourismusverband Hallein\/Bad D\u00fcrrnberg, Mauttorpromenade 6, Hallein<\/p>\n<p><strong>Beginn:<\/strong> 9.30 Uhr<\/p>\n<p><strong>Dauer: <\/strong>4 Stunden<\/p>\n<p><strong>Preis:<\/strong> EUR 49,\u2013 pro Person<\/p>\n<p><strong>Storno:<\/strong> unter 1 Woche 50 %<\/p>\n<p><strong>Teilnehmerzahl:<\/strong> min. 3 Personen | max. 6 Personen<\/p>\n","protected":false},"excerpt":{"rendered":"<p>Auf dieser einzigartigen Stadttour er\u00f6ffnen sich Ihnen v\u00f6llig neue (Foto-)Sichtweisen und Sie lernen, Ihre Sinne f\u00fcr das Einfangen ganz neuer Motive zu sch\u00e4rfen. Leica-Profi-Fotografin Lisa Kutzelnig begleitet Sie auf dieser etwas anderen Stadttour mit anschlie\u00dfender Besprechung der entstandenen Bilder. &nbsp; Termine: 19. M\u00e4rz, 21. April, 25. Juni Start: Tourismusverband Hallein\/Bad D\u00fcrrnberg, Mauttorpromenade 6, Hallein Beginn: [&hellip;]<\/p>\n","protected":false},"featured_media":8244,"menu_order":0,"template":"","class_list":["post-11369","cpt_event","type-cpt_event","status-publish","has-post-thumbnail","hentry"],"acf":[],"_links":{"self":[{"href":"https:\/\/www.hallein.com\/en\/wp-json\/wp\/v2\/cpt_event\/11369","targetHints":{"allow":["GET"]}}],"collection":[{"href":"https:\/\/www.hallein.com\/en\/wp-json\/wp\/v2\/cpt_event"}],"about":[{"href":"https:\/\/www.hallein.com\/en\/wp-json\/wp\/v2\/types\/cpt_event"}],"wp:featuredmedia":[{"embeddable":true,"href":"https:\/\/www.hallein.com\/en\/wp-json\/wp\/v2\/media\/8244"}],"wp:attachment":[{"href":"https:\/\/www.hallein.com\/en\/wp-json\/wp\/v2\/media?parent=11369"}],"curies":[{"name":"wp","href":"https:\/\/api.w.org\/{rel}","templated":true}]}}

<p><strong>Auf dieser einzigartigen Stadttour eröffnen sich Ihnen völlig neue (Foto-)Sichtweisen und Sie lernen, Ihre Sinne für das Einfangen ganz neuer Motive zu schärfen. </strong></p>
<p>Leica-Profi-Fotografin Lisa Kutzelnig begleitet Sie auf dieser etwas anderen Stadttour mit anschließender Besprechung der entstandenen Bilder.</p>
<p>&nbsp;</p>
<p><strong>Termine:</strong> 19. März, 21. April, 25. Juni</p>
<p><strong>Start: </strong>Tourismusverband Hallein/Bad Dürrnberg, Mauttorpromenade 6, Hallein</p>
<p><strong>Beginn:</strong> 9.30 Uhr</p>
<p><strong>Dauer: </strong>4 Stunden</p>
<p><strong>Preis:</strong> EUR 49,– pro Person</p>
<p><strong>Storno:</strong> unter 1 Woche 50 %</p>
<p><strong>Teilnehmerzahl:</strong> min. 3 Personen | max. 6 Personen</p>

<p>Auf dieser einzigartigen Stadttour eröffnen sich Ihnen völlig neue (Foto-)Sichtweisen und Sie lernen, Ihre Sinne für das Einfangen ganz neuer Motive zu schärfen. Leica-Profi-Fotografin Lisa Kutzelnig begleitet Sie auf dieser etwas anderen Stadttour mit anschließender Besprechung der entstandenen Bilder. &nbsp; Termine: 19. März, 21. April, 25. Juni Start: Tourismusverband Hallein/Bad Dürrnberg, Mauttorpromenade 6, Hallein Beginn: [&hellip;]</p>
