{"id":11366,"date":"2021-06-03T13:13:29","date_gmt":"2021-06-03T11:13:29","guid":{"rendered":"https:\/\/www.hallein.com\/erleben\/veranstaltung\/maria-stuart\/"},"modified":"2021-06-03T13:13:29","modified_gmt":"2021-06-03T11:13:29","slug":"maria-stuart","status":"publish","type":"cpt_event","link":"https:\/\/www.hallein.com\/en\/erleben\/veranstaltung\/maria-stuart\/","title":{"rendered":"Maria Stuart"},"content":{"rendered":"<p><strong>Friedrich Schillers Maria Stuart wurde in der 100-j\u00e4hrigen Geschichte der Salzburger Festspiele noch nie zuvor inszeniert, aber wie William Shakespeare war Friedrich Schiller ein zentraler Autor des Festspielgr\u00fcnders Max Reinhardt. Maria Stuart ist ein Politthriller, eine historische \u00dcberh\u00f6hung, eine leidenschaftlich gef\u00fchrte Auseinandersetzung mit jenen Fragen, die Schiller sein Lebtag umtrieben: Was ist die Freiheit des Einzelnen? Was ist politische Macht, und wo endet sie? Was ist Gerechtigkeit? Wie wird Recht gefertigt? <\/strong><\/p>\n<p>In der Regie von Burgtheaterdirektor Martin Ku\u0161ej kommt es nun zur ersten Inszenierung von Schillers Sp\u00e4twerk in der Festspielgeschichte \u2013 mit den Schauspielerinnen Bibiana Beglau als Elisabeth und Birgit Minichmayr als Maria Stuart. An deren Seite spielen Itay Tiran als Robert Dudley, Graf von Leicester; Oliver N\u00e4gele in der Rolle von Georg Talbot, Graf von Shrewsbury; Norman Hacker als Wilhelm Cecil, Baron von Burleigh; Franz P\u00e4tzold in der Rolle des Mortimer und Tim Werths als Wilhelm Davison, Staatssekret\u00e4r. Die Neuinszenierung ist eine Koproduktion mit dem Burgtheater Wien und feiert am 14. August Premiere auf der Perner-Insel in Hallein.<\/p>\n","protected":false},"excerpt":{"rendered":"<p>Friedrich Schillers Maria Stuart wurde in der 100-j\u00e4hrigen Geschichte der Salzburger Festspiele noch nie zuvor inszeniert, aber wie William Shakespeare war Friedrich Schiller ein zentraler Autor des Festspielgr\u00fcnders Max Reinhardt. Maria Stuart ist ein Politthriller, eine historische \u00dcberh\u00f6hung, eine leidenschaftlich gef\u00fchrte Auseinandersetzung mit jenen Fragen, die Schiller sein Lebtag umtrieben: Was ist die Freiheit des [&hellip;]<\/p>\n","protected":false},"featured_media":9457,"menu_order":0,"template":"","class_list":["post-11366","cpt_event","type-cpt_event","status-publish","has-post-thumbnail","hentry"],"acf":[],"_links":{"self":[{"href":"https:\/\/www.hallein.com\/en\/wp-json\/wp\/v2\/cpt_event\/11366","targetHints":{"allow":["GET"]}}],"collection":[{"href":"https:\/\/www.hallein.com\/en\/wp-json\/wp\/v2\/cpt_event"}],"about":[{"href":"https:\/\/www.hallein.com\/en\/wp-json\/wp\/v2\/types\/cpt_event"}],"wp:featuredmedia":[{"embeddable":true,"href":"https:\/\/www.hallein.com\/en\/wp-json\/wp\/v2\/media\/9457"}],"wp:attachment":[{"href":"https:\/\/www.hallein.com\/en\/wp-json\/wp\/v2\/media?parent=11366"}],"curies":[{"name":"wp","href":"https:\/\/api.w.org\/{rel}","templated":true}]}}

<p><strong>Friedrich Schillers Maria Stuart wurde in der 100-jährigen Geschichte der Salzburger Festspiele noch nie zuvor inszeniert, aber wie William Shakespeare war Friedrich Schiller ein zentraler Autor des Festspielgründers Max Reinhardt. Maria Stuart ist ein Politthriller, eine historische Überhöhung, eine leidenschaftlich geführte Auseinandersetzung mit jenen Fragen, die Schiller sein Lebtag umtrieben: Was ist die Freiheit des Einzelnen? Was ist politische Macht, und wo endet sie? Was ist Gerechtigkeit? Wie wird Recht gefertigt? </strong></p>
<p>In der Regie von Burgtheaterdirektor Martin Kušej kommt es nun zur ersten Inszenierung von Schillers Spätwerk in der Festspielgeschichte – mit den Schauspielerinnen Bibiana Beglau als Elisabeth und Birgit Minichmayr als Maria Stuart. An deren Seite spielen Itay Tiran als Robert Dudley, Graf von Leicester; Oliver Nägele in der Rolle von Georg Talbot, Graf von Shrewsbury; Norman Hacker als Wilhelm Cecil, Baron von Burleigh; Franz Pätzold in der Rolle des Mortimer und Tim Werths als Wilhelm Davison, Staatssekretär. Die Neuinszenierung ist eine Koproduktion mit dem Burgtheater Wien und feiert am 14. August Premiere auf der Perner-Insel in Hallein.</p>

<p>Friedrich Schillers Maria Stuart wurde in der 100-jährigen Geschichte der Salzburger Festspiele noch nie zuvor inszeniert, aber wie William Shakespeare war Friedrich Schiller ein zentraler Autor des Festspielgründers Max Reinhardt. Maria Stuart ist ein Politthriller, eine historische Überhöhung, eine leidenschaftlich geführte Auseinandersetzung mit jenen Fragen, die Schiller sein Lebtag umtrieben: Was ist die Freiheit des [&hellip;]</p>
