{"id":11356,"date":"2021-06-04T09:54:40","date_gmt":"2021-06-04T07:54:40","guid":{"rendered":"https:\/\/www.hallein.com\/erleben\/veranstaltung\/richard-the-kid-the-king-7\/"},"modified":"2021-06-04T09:54:40","modified_gmt":"2021-06-04T07:54:40","slug":"richard-the-kid-the-king-7","status":"publish","type":"cpt_event","link":"https:\/\/www.hallein.com\/en\/erleben\/veranstaltung\/richard-the-kid-the-king-7\/","title":{"rendered":"Richard the Kid &#038; the King"},"content":{"rendered":"<p><strong>Mit Richard III. betritt eine der komplexesten Figuren der Theaterliteratur die B\u00fchne: kaltbl\u00fctig, hemmungslos, sadistisch und gleichzeitig hellsichtig, witzig, manipulativ und verf\u00fchrerisch. Er versteht es, die Menschen zu manipulieren und sich selbst zu inszenieren. Zum ersten Mal steht diese charismatische Figur von William Shakespeare bei den Salzburger Festspielen auf der B\u00fchne; des Autors, der im k\u00fcnstlerischen Schaffen von Max Reinhardt auch aufgrund seiner legend\u00e4ren Inszenierung von Ein Sommernachtstraum einen unangefochten wichtigen Platz einnimmt. Inszeniert wird Richard the Kid &amp; the King von Karin Henkel, die 2017 bei den Salzburger Festspielen einen riesigen Erfolg mit Gerhart Hauptmanns Rose Bernd feierte.<\/strong><\/p>\n<p>Karin Henkel macht die Shakespeare\u2019schen K\u00f6nigsdramen Heinrich VI. und Richard III. zum Ausgangspunkt ihrer Inszenierung. In Richard the Kid, dem ersten Teil des Abends, richtet sie den Fokus auf die Kindheit und die Familiengeschichte Richards, die verrohte Zeit vor seiner Machtergreifung. Seit Jahren liefern sich die H\u00e4user York und Lancaster erbitterte und blutige Schlachten um die englische Herrschaft, die sogenannten \u201eRosenkriege\u201c. In Richard the King, dem zweiten Teil des Abends, befasst sich Karin Henkel mit dem politischen Umfeld des ber\u00fchmt-ber\u00fcchtigten Machthabers. Zahlreiche Fragen werden dabei aufgeworfen: Warum spielen alle mit, obwohl sie um die L\u00fcgen und das falsche Spiel Richards wissen? Wie gelingt Richard der zynische Spagat, die Menschen einerseits aufs Tiefste zu verabscheuen, sie andererseits aber doch f\u00fcr seine Zwecke zu gewinnen?<\/p>\n<p>Tom Lanoye, der Autor der legend\u00e4ren Schlachten Auff\u00fchrung, die 1999 ihre deutsche Erstauff\u00fchrung bei den Salzburger Festspielen feierte, wird Texte f\u00fcr die Inszenierung von Karin Henkel und die Verquickung der beiden Vorlagen von Shakespeare schreiben.<br \/>\nLina Beckmann, die f\u00fcr ihre Rose Bernd 2017 bei den Salzburger Festspielen gefeiert wurde, \u00fcbernimmt die Titelrolle. In weiteren Rollen sind Kristof Van Boven, Sachiko Hara, Paul Herwig, Kate Strong, Bettina Stucky und Michael Weber zu sehen. Die Premiere der Koproduktion mit dem Deutschen Schauspielhaus Hamburg findet am 25. Juli Premiere auf der Perner-Insel in Hallein statt.<\/p>\n","protected":false},"excerpt":{"rendered":"<p>Mit Richard III. betritt eine der komplexesten Figuren der Theaterliteratur die B\u00fchne: kaltbl\u00fctig, hemmungslos, sadistisch und gleichzeitig hellsichtig, witzig, manipulativ und verf\u00fchrerisch. Er versteht es, die Menschen zu manipulieren und sich selbst zu inszenieren. Zum ersten Mal steht diese charismatische Figur von William Shakespeare bei den Salzburger Festspielen auf der B\u00fchne; des Autors, der im [&hellip;]<\/p>\n","protected":false},"featured_media":9455,"menu_order":0,"template":"","class_list":["post-11356","cpt_event","type-cpt_event","status-publish","has-post-thumbnail","hentry"],"acf":[],"_links":{"self":[{"href":"https:\/\/www.hallein.com\/en\/wp-json\/wp\/v2\/cpt_event\/11356","targetHints":{"allow":["GET"]}}],"collection":[{"href":"https:\/\/www.hallein.com\/en\/wp-json\/wp\/v2\/cpt_event"}],"about":[{"href":"https:\/\/www.hallein.com\/en\/wp-json\/wp\/v2\/types\/cpt_event"}],"wp:featuredmedia":[{"embeddable":true,"href":"https:\/\/www.hallein.com\/en\/wp-json\/wp\/v2\/media\/9455"}],"wp:attachment":[{"href":"https:\/\/www.hallein.com\/en\/wp-json\/wp\/v2\/media?parent=11356"}],"curies":[{"name":"wp","href":"https:\/\/api.w.org\/{rel}","templated":true}]}}

<p><strong>Mit Richard III. betritt eine der komplexesten Figuren der Theaterliteratur die Bühne: kaltblütig, hemmungslos, sadistisch und gleichzeitig hellsichtig, witzig, manipulativ und verführerisch. Er versteht es, die Menschen zu manipulieren und sich selbst zu inszenieren. Zum ersten Mal steht diese charismatische Figur von William Shakespeare bei den Salzburger Festspielen auf der Bühne; des Autors, der im künstlerischen Schaffen von Max Reinhardt auch aufgrund seiner legendären Inszenierung von Ein Sommernachtstraum einen unangefochten wichtigen Platz einnimmt. Inszeniert wird Richard the Kid &amp; the King von Karin Henkel, die 2017 bei den Salzburger Festspielen einen riesigen Erfolg mit Gerhart Hauptmanns Rose Bernd feierte.</strong></p>
<p>Karin Henkel macht die Shakespeare’schen Königsdramen Heinrich VI. und Richard III. zum Ausgangspunkt ihrer Inszenierung. In Richard the Kid, dem ersten Teil des Abends, richtet sie den Fokus auf die Kindheit und die Familiengeschichte Richards, die verrohte Zeit vor seiner Machtergreifung. Seit Jahren liefern sich die Häuser York und Lancaster erbitterte und blutige Schlachten um die englische Herrschaft, die sogenannten „Rosenkriege“. In Richard the King, dem zweiten Teil des Abends, befasst sich Karin Henkel mit dem politischen Umfeld des berühmt-berüchtigten Machthabers. Zahlreiche Fragen werden dabei aufgeworfen: Warum spielen alle mit, obwohl sie um die Lügen und das falsche Spiel Richards wissen? Wie gelingt Richard der zynische Spagat, die Menschen einerseits aufs Tiefste zu verabscheuen, sie andererseits aber doch für seine Zwecke zu gewinnen?</p>
<p>Tom Lanoye, der Autor der legendären Schlachten Aufführung, die 1999 ihre deutsche Erstaufführung bei den Salzburger Festspielen feierte, wird Texte für die Inszenierung von Karin Henkel und die Verquickung der beiden Vorlagen von Shakespeare schreiben.<br />
Lina Beckmann, die für ihre Rose Bernd 2017 bei den Salzburger Festspielen gefeiert wurde, übernimmt die Titelrolle. In weiteren Rollen sind Kristof Van Boven, Sachiko Hara, Paul Herwig, Kate Strong, Bettina Stucky und Michael Weber zu sehen. Die Premiere der Koproduktion mit dem Deutschen Schauspielhaus Hamburg findet am 25. Juli Premiere auf der Perner-Insel in Hallein statt.</p>

<p>Mit Richard III. betritt eine der komplexesten Figuren der Theaterliteratur die Bühne: kaltblütig, hemmungslos, sadistisch und gleichzeitig hellsichtig, witzig, manipulativ und verführerisch. Er versteht es, die Menschen zu manipulieren und sich selbst zu inszenieren. Zum ersten Mal steht diese charismatische Figur von William Shakespeare bei den Salzburger Festspielen auf der Bühne; des Autors, der im [&hellip;]</p>
