{"id":11323,"date":"2021-07-08T16:38:44","date_gmt":"2021-07-08T14:38:44","guid":{"rendered":"https:\/\/www.hallein.com\/erleben\/veranstaltung\/sophie-hassfurther-yvonne-zehner-gegenwind-festival\/"},"modified":"2021-07-08T16:38:44","modified_gmt":"2021-07-08T14:38:44","slug":"sophie-hassfurther-yvonne-zehner-gegenwind-festival","status":"publish","type":"cpt_event","link":"https:\/\/www.hallein.com\/en\/erleben\/veranstaltung\/sophie-hassfurther-yvonne-zehner-gegenwind-festival\/","title":{"rendered":"Sophie Hassfurther &#038; Yvonne Zehner"},"content":{"rendered":"<p><strong>Likeminded &#8211; Klassik, Improvisation &amp; Jazz auf h\u00f6chstem Niveau<\/strong><\/p>\n<p><strong>In ihrer musikalischen Kollaboration \u201eLikeminded\u201c entf\u00fchren Sophie Hassfurther und Yvonne Zehner ihr Publikum auf eine Klangreise auf h\u00f6chstem k\u00fcnstlerischen Niveau. Sie verschmelzen Elemente von Klassik, Improvisation und Jazz zu einem stimmungsvollen Ganzen und sprengen damit Genregrenzen. Anspruchsvoll, eigenst\u00e4ndig und neu ist ihre Musik, und dabei doch eing\u00e4ngig und fesselnd.<\/strong><\/p>\n<p><a href=\"https:\/\/sophiehassfurther.com\">Sophie Hassfurther<\/a> wuchs in der N\u00e4he von Salzburg auf. Ihr Studium f\u00fchrte sie nach Amsterdam, Wien und New York. Derzeit lebt sie in Wien und hat sich als vielseitige Instrumentalistin f\u00fcr Saxophon, Fl\u00f6te und Klarinette sowie als Performerin und Komponistin f\u00fcr Ensembles in verschiedenen musikalischen Kontexten einen Namen gemacht. Zu den Highlights z\u00e4hlen nationale und internationale Konzerte mit Peter Herbert, Marianne Mendt, Mathias R\u00fcegg, Gerry Hemingway, Wolter Wierbos, Sean Bergin und Simon Nabatov. Sophie tritt seit 2013 als Teil des B\u00fchnenorchesters im renommierten \u201eJedermann\u201c der Salzburger Festspiele auf.<\/p>\n<p><a href=\"https:\/\/yvonnezehner.net\/de\/\">Yvonne Zehner<\/a> begann ihr Studium an der Universit\u00e4t Mozarteum im Alter von 15 Jahren, gefolgt von Stipendien und Studienaufenthalten in Montevideo, an der Academia musicale Chigiana in Siena und der Universidade Federal de Rio de Janeiro. Gemeinsam mit Christina Schorn ist sie seit 2007 k\u00fcnstlerische Leiterin des Internationalen Halleiner Gitarrenfestivals. Gemeinsam mit J\u00fcrgen Schwenkglenks leitet sie seit 2019 das Festival Passauer Saiten. Eine besondere Liebe gilt der Kammermusik. So tritt sie regelm\u00e4\u00dfig mit der Fl\u00f6tistin Vera Klug und dem Trio Collage, dem Gunnar Berg Ensemble und dem Ensemble Mobile auf. Sie war au\u00dferdem Mitglied von Yehudin Menuhins Stiftung Live Music Now. Zahlreiche Konzerte f\u00fchrten sie sowohl solistisch als auch kammermusikalisch nach Europa, Asien und S\u00fcdamerika.<\/p>\n","protected":false},"excerpt":{"rendered":"<p>Likeminded &#8211; Klassik, Improvisation &amp; Jazz auf h\u00f6chstem Niveau In ihrer musikalischen Kollaboration \u201eLikeminded\u201c entf\u00fchren Sophie Hassfurther und Yvonne Zehner ihr Publikum auf eine Klangreise auf h\u00f6chstem k\u00fcnstlerischen Niveau. Sie verschmelzen Elemente von Klassik, Improvisation und Jazz zu einem stimmungsvollen Ganzen und sprengen damit Genregrenzen. Anspruchsvoll, eigenst\u00e4ndig und neu ist ihre Musik, und dabei doch [&hellip;]<\/p>\n","protected":false},"featured_media":9827,"menu_order":0,"template":"","class_list":["post-11323","cpt_event","type-cpt_event","status-publish","has-post-thumbnail","hentry"],"acf":[],"_links":{"self":[{"href":"https:\/\/www.hallein.com\/en\/wp-json\/wp\/v2\/cpt_event\/11323","targetHints":{"allow":["GET"]}}],"collection":[{"href":"https:\/\/www.hallein.com\/en\/wp-json\/wp\/v2\/cpt_event"}],"about":[{"href":"https:\/\/www.hallein.com\/en\/wp-json\/wp\/v2\/types\/cpt_event"}],"wp:featuredmedia":[{"embeddable":true,"href":"https:\/\/www.hallein.com\/en\/wp-json\/wp\/v2\/media\/9827"}],"wp:attachment":[{"href":"https:\/\/www.hallein.com\/en\/wp-json\/wp\/v2\/media?parent=11323"}],"curies":[{"name":"wp","href":"https:\/\/api.w.org\/{rel}","templated":true}]}}

<p><strong>Likeminded &#8211; Klassik, Improvisation &amp; Jazz auf höchstem Niveau</strong></p>
<p><strong>In ihrer musikalischen Kollaboration „Likeminded“ entführen Sophie Hassfurther und Yvonne Zehner ihr Publikum auf eine Klangreise auf höchstem künstlerischen Niveau. Sie verschmelzen Elemente von Klassik, Improvisation und Jazz zu einem stimmungsvollen Ganzen und sprengen damit Genregrenzen. Anspruchsvoll, eigenständig und neu ist ihre Musik, und dabei doch eingängig und fesselnd.</strong></p>
<p><a href="https://sophiehassfurther.com">Sophie Hassfurther</a> wuchs in der Nähe von Salzburg auf. Ihr Studium führte sie nach Amsterdam, Wien und New York. Derzeit lebt sie in Wien und hat sich als vielseitige Instrumentalistin für Saxophon, Flöte und Klarinette sowie als Performerin und Komponistin für Ensembles in verschiedenen musikalischen Kontexten einen Namen gemacht. Zu den Highlights zählen nationale und internationale Konzerte mit Peter Herbert, Marianne Mendt, Mathias Rüegg, Gerry Hemingway, Wolter Wierbos, Sean Bergin und Simon Nabatov. Sophie tritt seit 2013 als Teil des Bühnenorchesters im renommierten „Jedermann“ der Salzburger Festspiele auf.</p>
<p><a href="https://yvonnezehner.net/de/">Yvonne Zehner</a> begann ihr Studium an der Universität Mozarteum im Alter von 15 Jahren, gefolgt von Stipendien und Studienaufenthalten in Montevideo, an der Academia musicale Chigiana in Siena und der Universidade Federal de Rio de Janeiro. Gemeinsam mit Christina Schorn ist sie seit 2007 künstlerische Leiterin des Internationalen Halleiner Gitarrenfestivals. Gemeinsam mit Jürgen Schwenkglenks leitet sie seit 2019 das Festival Passauer Saiten. Eine besondere Liebe gilt der Kammermusik. So tritt sie regelmäßig mit der Flötistin Vera Klug und dem Trio Collage, dem Gunnar Berg Ensemble und dem Ensemble Mobile auf. Sie war außerdem Mitglied von Yehudin Menuhins Stiftung Live Music Now. Zahlreiche Konzerte führten sie sowohl solistisch als auch kammermusikalisch nach Europa, Asien und Südamerika.</p>

<p>Likeminded &#8211; Klassik, Improvisation &amp; Jazz auf höchstem Niveau In ihrer musikalischen Kollaboration „Likeminded“ entführen Sophie Hassfurther und Yvonne Zehner ihr Publikum auf eine Klangreise auf höchstem künstlerischen Niveau. Sie verschmelzen Elemente von Klassik, Improvisation und Jazz zu einem stimmungsvollen Ganzen und sprengen damit Genregrenzen. Anspruchsvoll, eigenständig und neu ist ihre Musik, und dabei doch [&hellip;]</p>
