{"id":11288,"date":"2021-09-01T16:43:29","date_gmt":"2021-09-01T14:43:29","guid":{"rendered":"https:\/\/www.hallein.com\/erleben\/veranstaltung\/eroeffnung-schmiede\/"},"modified":"2021-09-01T16:43:29","modified_gmt":"2021-09-01T14:43:29","slug":"eroeffnung-schmiede","status":"publish","type":"cpt_event","link":"https:\/\/www.hallein.com\/en\/erleben\/veranstaltung\/eroeffnung-schmiede\/","title":{"rendered":"Er\u00f6ffnung Schmiede"},"content":{"rendered":"<p><strong>Das Produzent*innenfestival <\/p>\n<p>Wir er\u00f6ffnen die diesj\u00e4hrige Schmiede mit der Verleihung des Stipendium Medienkunst 2021 durch Landeshauptmann-Stellvertreter Heinrich Schellhorn an die Halleinerin Stephanie Meisl. Anschlie\u00dfend pr\u00e4sentieren die Preistr\u00e4gerinnen aus den Jahren 2019 Karin Fisslthaler und 2020 Katharina Aigner ihre Projekte.<\/strong><\/p>\n","protected":false},"excerpt":{"rendered":"<p>Das Produzent*innenfestival Wir er\u00f6ffnen die diesj\u00e4hrige Schmiede mit der Verleihung des Stipendium Medienkunst 2021 durch Landeshauptmann-Stellvertreter Heinrich Schellhorn an die Halleinerin Stephanie Meisl. Anschlie\u00dfend pr\u00e4sentieren die Preistr\u00e4gerinnen aus den Jahren 2019 Karin Fisslthaler und 2020 Katharina Aigner ihre Projekte.<\/p>\n","protected":false},"featured_media":9895,"menu_order":0,"template":"","class_list":["post-11288","cpt_event","type-cpt_event","status-publish","has-post-thumbnail","hentry"],"acf":[],"_links":{"self":[{"href":"https:\/\/www.hallein.com\/en\/wp-json\/wp\/v2\/cpt_event\/11288","targetHints":{"allow":["GET"]}}],"collection":[{"href":"https:\/\/www.hallein.com\/en\/wp-json\/wp\/v2\/cpt_event"}],"about":[{"href":"https:\/\/www.hallein.com\/en\/wp-json\/wp\/v2\/types\/cpt_event"}],"wp:featuredmedia":[{"embeddable":true,"href":"https:\/\/www.hallein.com\/en\/wp-json\/wp\/v2\/media\/9895"}],"wp:attachment":[{"href":"https:\/\/www.hallein.com\/en\/wp-json\/wp\/v2\/media?parent=11288"}],"curies":[{"name":"wp","href":"https:\/\/api.w.org\/{rel}","templated":true}]}}

Eröffnung Schmiede

<p><strong>Das Produzent*innenfestival </p>
<p>Wir eröffnen die diesjährige Schmiede mit der Verleihung des Stipendium Medienkunst 2021 durch Landeshauptmann-Stellvertreter Heinrich Schellhorn an die Halleinerin Stephanie Meisl. Anschließend präsentieren die Preisträgerinnen aus den Jahren 2019 Karin Fisslthaler und 2020 Katharina Aigner ihre Projekte.</strong></p>

<p>Das Produzent*innenfestival Wir eröffnen die diesjährige Schmiede mit der Verleihung des Stipendium Medienkunst 2021 durch Landeshauptmann-Stellvertreter Heinrich Schellhorn an die Halleinerin Stephanie Meisl. Anschließend präsentieren die Preisträgerinnen aus den Jahren 2019 Karin Fisslthaler und 2020 Katharina Aigner ihre Projekte.</p>
