{"id":11273,"date":"2021-10-11T16:38:36","date_gmt":"2021-10-11T14:38:36","guid":{"rendered":"https:\/\/www.hallein.com\/erleben\/veranstaltung\/buddy-selly-bei-reyer\/"},"modified":"2021-10-11T16:38:36","modified_gmt":"2021-10-11T14:38:36","slug":"buddy-selly-bei-reyer","status":"publish","type":"cpt_event","link":"https:\/\/www.hallein.com\/en\/erleben\/veranstaltung\/buddy-selly-bei-reyer\/","title":{"rendered":"Buddy &#038; Selly bei REYER"},"content":{"rendered":"<p><strong>Verkaufen Sie Ihre Designermode!<\/p>\n<p>Gemeinsam mit \u201eBuddy &#038; Selly\u201c veranstalten wir im REYER Fashion-Store ein Ankaufevent f\u00fcr Designer-Mode. Bringen Sie Damen oder Herren Designer-St\u00fccke, die Sie nicht mehr tragen, einfach zu uns. Am Click &#038; Collect Counter werden Kleidung, Schuhe und Accessoires vor Ort von unserem Partnerunternehmen \u201eBuddy &#038; Selly\u201c bewertet und Sie erhalten den Gegenwert in Form von REYER-Gutscheinen*.<br \/>\nSchaffen wir gemeinsam Platz in Ihrem Kleiderschrank f\u00fcr neue, trendige Mode!<\/strong><\/p>\n<p>* Bitte beachten Sie, dass BUDDY &#038; SELLY ausschlie\u00dflich Bekleidung ankauft, die nicht \u00e4lter als 5 Jahre ist, sich in einem guten und unge\u00e4nderten Zustand be\ufb01ndet, und deren Marke im Buddy &#038; Selly Markenregister angef\u00fchrt ist.<\/p>\n<p>Um Anmeldung unter +43 6245 80281 oder info@reyer.cc wird gebeten.<\/p>\n","protected":false},"excerpt":{"rendered":"<p>Verkaufen Sie Ihre Designermode! Gemeinsam mit \u201eBuddy &#038; Selly\u201c veranstalten wir im REYER Fashion-Store ein Ankaufevent f\u00fcr Designer-Mode. Bringen Sie Damen oder Herren Designer-St\u00fccke, die Sie nicht mehr tragen, einfach zu uns. Am Click &#038; Collect Counter werden Kleidung, Schuhe und Accessoires vor Ort von unserem Partnerunternehmen \u201eBuddy &#038; Selly\u201c bewertet und Sie erhalten den [&hellip;]<\/p>\n","protected":false},"featured_media":9913,"menu_order":0,"template":"","class_list":["post-11273","cpt_event","type-cpt_event","status-publish","has-post-thumbnail","hentry"],"acf":[],"_links":{"self":[{"href":"https:\/\/www.hallein.com\/en\/wp-json\/wp\/v2\/cpt_event\/11273","targetHints":{"allow":["GET"]}}],"collection":[{"href":"https:\/\/www.hallein.com\/en\/wp-json\/wp\/v2\/cpt_event"}],"about":[{"href":"https:\/\/www.hallein.com\/en\/wp-json\/wp\/v2\/types\/cpt_event"}],"wp:featuredmedia":[{"embeddable":true,"href":"https:\/\/www.hallein.com\/en\/wp-json\/wp\/v2\/media\/9913"}],"wp:attachment":[{"href":"https:\/\/www.hallein.com\/en\/wp-json\/wp\/v2\/media?parent=11273"}],"curies":[{"name":"wp","href":"https:\/\/api.w.org\/{rel}","templated":true}]}}

<p><strong>Verkaufen Sie Ihre Designermode!</p>
<p>Gemeinsam mit „Buddy &#038; Selly“ veranstalten wir im REYER Fashion-Store ein Ankaufevent für Designer-Mode. Bringen Sie Damen oder Herren Designer-Stücke, die Sie nicht mehr tragen, einfach zu uns. Am Click &#038; Collect Counter werden Kleidung, Schuhe und Accessoires vor Ort von unserem Partnerunternehmen „Buddy &#038; Selly“ bewertet und Sie erhalten den Gegenwert in Form von REYER-Gutscheinen*.<br />
Schaffen wir gemeinsam Platz in Ihrem Kleiderschrank für neue, trendige Mode!</strong></p>
<p>* Bitte beachten Sie, dass BUDDY &#038; SELLY ausschließlich Bekleidung ankauft, die nicht älter als 5 Jahre ist, sich in einem guten und ungeänderten Zustand beﬁndet, und deren Marke im Buddy &#038; Selly Markenregister angeführt ist.</p>
<p>Um Anmeldung unter +43 6245 80281 oder info@reyer.cc wird gebeten.</p>

<p>Verkaufen Sie Ihre Designermode! Gemeinsam mit „Buddy &#038; Selly“ veranstalten wir im REYER Fashion-Store ein Ankaufevent für Designer-Mode. Bringen Sie Damen oder Herren Designer-Stücke, die Sie nicht mehr tragen, einfach zu uns. Am Click &#038; Collect Counter werden Kleidung, Schuhe und Accessoires vor Ort von unserem Partnerunternehmen „Buddy &#038; Selly“ bewertet und Sie erhalten den [&hellip;]</p>
