{"id":11261,"date":"2021-10-29T14:52:00","date_gmt":"2021-10-29T12:52:00","guid":{"rendered":"https:\/\/www.hallein.com\/erleben\/veranstaltung\/kaltenhausen-gstanzlsingen-2022-2\/"},"modified":"2021-10-29T14:52:00","modified_gmt":"2021-10-29T12:52:00","slug":"kaltenhausen-gstanzlsingen-2022-2","status":"publish","type":"cpt_event","link":"https:\/\/www.hallein.com\/en\/erleben\/veranstaltung\/kaltenhausen-gstanzlsingen-2022-2\/","title":{"rendered":"Kaltenhausen G&#8217;stanzlsingen 2022"},"content":{"rendered":"<p><strong>Das humorige Fest der Volksmusik<\/strong><\/p>\n<p>Gereimter Spottgesang in Mundart, besser bekannt als G\u2019stanzln, z\u00e4hlt zur musikalischen Volkskultur. In geselliger Runde werden diese in vielen Regionen \u00d6sterreichs und Bayerns gerne aus dem Stehgreif im Dreivierteltakt vorgetragen. Tradition und Geselligkeit stehen auch beim Kaltenhauser G\u2019stanzlsingen hoch im Kurs, das mittlerweile zu einer Institution in der Volkskulturszene avanciert ist. Nach zweij\u00e4hriger Zwangspause wird das Kaltenhauser G\u2019stanzlsingen im April 2022 wieder wie gewohnt stattfinden.<\/p>\n<p>Der musikalische Leiter Philipp Meikl hat auch dieses Mal ein Programm mit zahlreichen Highlights wie \u201eTom &amp; Basti\u201c, die \u201eKrammerer S\u00e4nger\u201c, \u201eAusgfuxt\u201c und viele mehr zusammengestellt, dass die Besucher die Lebensfreude unserer Heimat und die reiche Volksmusiktradition hautnah sp\u00fcren, h\u00f6ren und erleben l\u00e4sst.<\/p>\n","protected":false},"excerpt":{"rendered":"<p>Das humorige Fest der Volksmusik Gereimter Spottgesang in Mundart, besser bekannt als G\u2019stanzln, z\u00e4hlt zur musikalischen Volkskultur. In geselliger Runde werden diese in vielen Regionen \u00d6sterreichs und Bayerns gerne aus dem Stehgreif im Dreivierteltakt vorgetragen. Tradition und Geselligkeit stehen auch beim Kaltenhauser G\u2019stanzlsingen hoch im Kurs, das mittlerweile zu einer Institution in der Volkskulturszene avanciert [&hellip;]<\/p>\n","protected":false},"featured_media":9961,"menu_order":0,"template":"","class_list":["post-11261","cpt_event","type-cpt_event","status-publish","has-post-thumbnail","hentry"],"acf":[],"_links":{"self":[{"href":"https:\/\/www.hallein.com\/en\/wp-json\/wp\/v2\/cpt_event\/11261","targetHints":{"allow":["GET"]}}],"collection":[{"href":"https:\/\/www.hallein.com\/en\/wp-json\/wp\/v2\/cpt_event"}],"about":[{"href":"https:\/\/www.hallein.com\/en\/wp-json\/wp\/v2\/types\/cpt_event"}],"wp:featuredmedia":[{"embeddable":true,"href":"https:\/\/www.hallein.com\/en\/wp-json\/wp\/v2\/media\/9961"}],"wp:attachment":[{"href":"https:\/\/www.hallein.com\/en\/wp-json\/wp\/v2\/media?parent=11261"}],"curies":[{"name":"wp","href":"https:\/\/api.w.org\/{rel}","templated":true}]}}

<p><strong>Das humorige Fest der Volksmusik</strong></p>
<p>Gereimter Spottgesang in Mundart, besser bekannt als G’stanzln, zählt zur musikalischen Volkskultur. In geselliger Runde werden diese in vielen Regionen Österreichs und Bayerns gerne aus dem Stehgreif im Dreivierteltakt vorgetragen. Tradition und Geselligkeit stehen auch beim Kaltenhauser G’stanzlsingen hoch im Kurs, das mittlerweile zu einer Institution in der Volkskulturszene avanciert ist. Nach zweijähriger Zwangspause wird das Kaltenhauser G’stanzlsingen im April 2022 wieder wie gewohnt stattfinden.</p>
<p>Der musikalische Leiter Philipp Meikl hat auch dieses Mal ein Programm mit zahlreichen Highlights wie „Tom &amp; Basti“, die „Krammerer Sänger“, „Ausgfuxt“ und viele mehr zusammengestellt, dass die Besucher die Lebensfreude unserer Heimat und die reiche Volksmusiktradition hautnah spüren, hören und erleben lässt.</p>

<p>Das humorige Fest der Volksmusik Gereimter Spottgesang in Mundart, besser bekannt als G’stanzln, zählt zur musikalischen Volkskultur. In geselliger Runde werden diese in vielen Regionen Österreichs und Bayerns gerne aus dem Stehgreif im Dreivierteltakt vorgetragen. Tradition und Geselligkeit stehen auch beim Kaltenhauser G’stanzlsingen hoch im Kurs, das mittlerweile zu einer Institution in der Volkskulturszene avanciert [&hellip;]</p>
