{"id":11239,"date":"2021-12-29T14:10:54","date_gmt":"2021-12-29T13:10:54","guid":{"rendered":"https:\/\/www.hallein.com\/erleben\/veranstaltung\/kaffee-geschichten\/"},"modified":"2021-12-29T14:10:54","modified_gmt":"2021-12-29T13:10:54","slug":"kaffee-geschichten","status":"publish","type":"cpt_event","link":"https:\/\/www.hallein.com\/en\/erleben\/veranstaltung\/kaffee-geschichten\/","title":{"rendered":"Kaffee- geschichte(n)"},"content":{"rendered":"<p><strong>Erinnern im Museum: Das letzte Hochwasser in Hallein<\/strong><\/p>\n<p>Sie wollen selbst Stadtgeschichte schreiben? Dieses Format l\u00e4dt zum Erz\u00e4hlen und Mitmachen ein. Die Informationen, die Sie liefern, werden sp\u00e4ter im Stadtarchiv Hallein f\u00fcr die Stadtgeschichte gespeichert. Gemeinsam erinnern wir uns an das Hochwasser in Hallein im Juli 2021. Berichten Sie selbst oder h\u00f6ren Sie, wie HalleinerInnen das Hochwasser erlebt haben. Sie haben an diesen ereignisreichen Tagen das Hochwasser gefilmt oder Fotos gemacht? Wir freuen uns, wenn Sie die Fotos und Filme herzeigen oder f\u00fcr das Stadtarchiv Hallein mitbringen.<\/p>\n<p>Anmeldung unter: besucherservice@keltenmuseum.at oder +43 6245 80783<br \/>\nKosten:EUR 4,-<\/p>\n","protected":false},"excerpt":{"rendered":"<p>Erinnern im Museum: Das letzte Hochwasser in Hallein Sie wollen selbst Stadtgeschichte schreiben? Dieses Format l\u00e4dt zum Erz\u00e4hlen und Mitmachen ein. Die Informationen, die Sie liefern, werden sp\u00e4ter im Stadtarchiv Hallein f\u00fcr die Stadtgeschichte gespeichert. Gemeinsam erinnern wir uns an das Hochwasser in Hallein im Juli 2021. Berichten Sie selbst oder h\u00f6ren Sie, wie HalleinerInnen [&hellip;]<\/p>\n","protected":false},"featured_media":9905,"menu_order":0,"template":"","class_list":["post-11239","cpt_event","type-cpt_event","status-publish","has-post-thumbnail","hentry"],"acf":[],"_links":{"self":[{"href":"https:\/\/www.hallein.com\/en\/wp-json\/wp\/v2\/cpt_event\/11239","targetHints":{"allow":["GET"]}}],"collection":[{"href":"https:\/\/www.hallein.com\/en\/wp-json\/wp\/v2\/cpt_event"}],"about":[{"href":"https:\/\/www.hallein.com\/en\/wp-json\/wp\/v2\/types\/cpt_event"}],"wp:featuredmedia":[{"embeddable":true,"href":"https:\/\/www.hallein.com\/en\/wp-json\/wp\/v2\/media\/9905"}],"wp:attachment":[{"href":"https:\/\/www.hallein.com\/en\/wp-json\/wp\/v2\/media?parent=11239"}],"curies":[{"name":"wp","href":"https:\/\/api.w.org\/{rel}","templated":true}]}}

<p><strong>Erinnern im Museum: Das letzte Hochwasser in Hallein</strong></p>
<p>Sie wollen selbst Stadtgeschichte schreiben? Dieses Format lädt zum Erzählen und Mitmachen ein. Die Informationen, die Sie liefern, werden später im Stadtarchiv Hallein für die Stadtgeschichte gespeichert. Gemeinsam erinnern wir uns an das Hochwasser in Hallein im Juli 2021. Berichten Sie selbst oder hören Sie, wie HalleinerInnen das Hochwasser erlebt haben. Sie haben an diesen ereignisreichen Tagen das Hochwasser gefilmt oder Fotos gemacht? Wir freuen uns, wenn Sie die Fotos und Filme herzeigen oder für das Stadtarchiv Hallein mitbringen.</p>
<p>Anmeldung unter: besucherservice@keltenmuseum.at oder +43 6245 80783<br />
Kosten:EUR 4,-</p>

<p>Erinnern im Museum: Das letzte Hochwasser in Hallein Sie wollen selbst Stadtgeschichte schreiben? Dieses Format lädt zum Erzählen und Mitmachen ein. Die Informationen, die Sie liefern, werden später im Stadtarchiv Hallein für die Stadtgeschichte gespeichert. Gemeinsam erinnern wir uns an das Hochwasser in Hallein im Juli 2021. Berichten Sie selbst oder hören Sie, wie HalleinerInnen [&hellip;]</p>
