{"id":11233,"date":"2022-02-08T15:02:30","date_gmt":"2022-02-08T14:02:30","guid":{"rendered":"https:\/\/www.hallein.com\/erleben\/veranstaltung\/festkonzert-akkordeon-orchester\/"},"modified":"2022-02-08T15:02:30","modified_gmt":"2022-02-08T14:02:30","slug":"festkonzert-akkordeon-orchester","status":"publish","type":"cpt_event","link":"https:\/\/www.hallein.com\/en\/erleben\/veranstaltung\/festkonzert-akkordeon-orchester\/","title":{"rendered":"Festkonzert Akkordeon-Orchester"},"content":{"rendered":"<p><strong>50 Jahre Akkordeon-Orchester Hallein<\/strong><\/p>\n<p><strong>Als H\u00f6hepunkt unseres Akkordeon-Festivals findet das Abschlusskonzert des Akkordeon-Orchester Hallein zum 50 Jahre Jubil\u00e4um statt. Musikalische Leitung: Prof. Alois Breitfu\u00df, verbindende Texte: Mag. Gerlinde Weinm\u00fcller<\/strong><\/p>\n<p>Zum letzten Mal in dieser Formation und unter der Leitung des Gr\u00fcnders Alois Breitfu\u00df, bringt das Akkordeon-Orchester Hallein ein kurzweiliges \u201eBest of\u201c auf die B\u00fchne des Stadttheaters. Es verzaubert das Publikum wieder mit musikalischen Highlights von Pustakl\u00e4ngen bis hin zu ABBA.<\/p>\n","protected":false},"excerpt":{"rendered":"<p>50 Jahre Akkordeon-Orchester Hallein Als H\u00f6hepunkt unseres Akkordeon-Festivals findet das Abschlusskonzert des Akkordeon-Orchester Hallein zum 50 Jahre Jubil\u00e4um statt. Musikalische Leitung: Prof. Alois Breitfu\u00df, verbindende Texte: Mag. Gerlinde Weinm\u00fcller Zum letzten Mal in dieser Formation und unter der Leitung des Gr\u00fcnders Alois Breitfu\u00df, bringt das Akkordeon-Orchester Hallein ein kurzweiliges \u201eBest of\u201c auf die B\u00fchne des [&hellip;]<\/p>\n","protected":false},"featured_media":10084,"menu_order":0,"template":"","class_list":["post-11233","cpt_event","type-cpt_event","status-publish","has-post-thumbnail","hentry"],"acf":[],"_links":{"self":[{"href":"https:\/\/www.hallein.com\/en\/wp-json\/wp\/v2\/cpt_event\/11233","targetHints":{"allow":["GET"]}}],"collection":[{"href":"https:\/\/www.hallein.com\/en\/wp-json\/wp\/v2\/cpt_event"}],"about":[{"href":"https:\/\/www.hallein.com\/en\/wp-json\/wp\/v2\/types\/cpt_event"}],"wp:featuredmedia":[{"embeddable":true,"href":"https:\/\/www.hallein.com\/en\/wp-json\/wp\/v2\/media\/10084"}],"wp:attachment":[{"href":"https:\/\/www.hallein.com\/en\/wp-json\/wp\/v2\/media?parent=11233"}],"curies":[{"name":"wp","href":"https:\/\/api.w.org\/{rel}","templated":true}]}}

<p><strong>50 Jahre Akkordeon-Orchester Hallein</strong></p>
<p><strong>Als Höhepunkt unseres Akkordeon-Festivals findet das Abschlusskonzert des Akkordeon-Orchester Hallein zum 50 Jahre Jubiläum statt. Musikalische Leitung: Prof. Alois Breitfuß, verbindende Texte: Mag. Gerlinde Weinmüller</strong></p>
<p>Zum letzten Mal in dieser Formation und unter der Leitung des Gründers Alois Breitfuß, bringt das Akkordeon-Orchester Hallein ein kurzweiliges „Best of“ auf die Bühne des Stadttheaters. Es verzaubert das Publikum wieder mit musikalischen Highlights von Pustaklängen bis hin zu ABBA.</p>

<p>50 Jahre Akkordeon-Orchester Hallein Als Höhepunkt unseres Akkordeon-Festivals findet das Abschlusskonzert des Akkordeon-Orchester Hallein zum 50 Jahre Jubiläum statt. Musikalische Leitung: Prof. Alois Breitfuß, verbindende Texte: Mag. Gerlinde Weinmüller Zum letzten Mal in dieser Formation und unter der Leitung des Gründers Alois Breitfuß, bringt das Akkordeon-Orchester Hallein ein kurzweiliges „Best of“ auf die Bühne des [&hellip;]</p>
