{"id":11186,"date":"2022-05-13T16:21:44","date_gmt":"2022-05-13T14:21:44","guid":{"rendered":"https:\/\/www.hallein.com\/erleben\/veranstaltung\/das-geheimnis-der-keltenmaske\/"},"modified":"2022-05-13T16:21:44","modified_gmt":"2022-05-13T14:21:44","slug":"das-geheimnis-der-keltenmaske","status":"publish","type":"cpt_event","link":"https:\/\/www.hallein.com\/en\/erleben\/veranstaltung\/das-geheimnis-der-keltenmaske\/","title":{"rendered":"Das Geheimnis der Keltenmaske"},"content":{"rendered":"<p><strong>Lesung von Manfred Baumann mit Musik<\/p>\n<p>Callach und Juna, die beiden Keltenkinder unternehmen alles, um dem Geheimnis der r\u00e4tselhaften Keltenmaske auf die Spur zu kommen. Der Krimi-Bestsellerautor und Kabarettist Manfred Baumann erz\u00e4hlt seine Geschichte vom Geheimnis der Keltenmaske.<\/strong><\/p>\n<p>Musikalisch wird er begleitet von Ivan Mancinelli (Schlagwerk), Christina Schorn-Mancinelli (Gitarre) und David Gruber (Fl\u00f6te). Die B\u00fchnengestaltung \u00fcbernimmt Iris Moosleitner.<\/p>\n<p>Eintritt EUR 15,-, erm\u00e4\u00dfigter Eintritt EUR 10,- f\u00fcr Senioren &#038; Studenten, EUR 5,- f\u00fcr Kinder bis 14 Jahren, zuz\u00fcglich EUR 3,- Museumseintritt<\/p>\n","protected":false},"excerpt":{"rendered":"<p>Lesung von Manfred Baumann mit Musik Callach und Juna, die beiden Keltenkinder unternehmen alles, um dem Geheimnis der r\u00e4tselhaften Keltenmaske auf die Spur zu kommen. Der Krimi-Bestsellerautor und Kabarettist Manfred Baumann erz\u00e4hlt seine Geschichte vom Geheimnis der Keltenmaske. Musikalisch wird er begleitet von Ivan Mancinelli (Schlagwerk), Christina Schorn-Mancinelli (Gitarre) und David Gruber (Fl\u00f6te). Die B\u00fchnengestaltung [&hellip;]<\/p>\n","protected":false},"featured_media":10290,"menu_order":0,"template":"","class_list":["post-11186","cpt_event","type-cpt_event","status-publish","has-post-thumbnail","hentry"],"acf":[],"_links":{"self":[{"href":"https:\/\/www.hallein.com\/en\/wp-json\/wp\/v2\/cpt_event\/11186","targetHints":{"allow":["GET"]}}],"collection":[{"href":"https:\/\/www.hallein.com\/en\/wp-json\/wp\/v2\/cpt_event"}],"about":[{"href":"https:\/\/www.hallein.com\/en\/wp-json\/wp\/v2\/types\/cpt_event"}],"wp:featuredmedia":[{"embeddable":true,"href":"https:\/\/www.hallein.com\/en\/wp-json\/wp\/v2\/media\/10290"}],"wp:attachment":[{"href":"https:\/\/www.hallein.com\/en\/wp-json\/wp\/v2\/media?parent=11186"}],"curies":[{"name":"wp","href":"https:\/\/api.w.org\/{rel}","templated":true}]}}

<p><strong>Lesung von Manfred Baumann mit Musik</p>
<p>Callach und Juna, die beiden Keltenkinder unternehmen alles, um dem Geheimnis der rätselhaften Keltenmaske auf die Spur zu kommen. Der Krimi-Bestsellerautor und Kabarettist Manfred Baumann erzählt seine Geschichte vom Geheimnis der Keltenmaske.</strong></p>
<p>Musikalisch wird er begleitet von Ivan Mancinelli (Schlagwerk), Christina Schorn-Mancinelli (Gitarre) und David Gruber (Flöte). Die Bühnengestaltung übernimmt Iris Moosleitner.</p>
<p>Eintritt EUR 15,-, ermäßigter Eintritt EUR 10,- für Senioren &#038; Studenten, EUR 5,- für Kinder bis 14 Jahren, zuzüglich EUR 3,- Museumseintritt</p>

<p>Lesung von Manfred Baumann mit Musik Callach und Juna, die beiden Keltenkinder unternehmen alles, um dem Geheimnis der rätselhaften Keltenmaske auf die Spur zu kommen. Der Krimi-Bestsellerautor und Kabarettist Manfred Baumann erzählt seine Geschichte vom Geheimnis der Keltenmaske. Musikalisch wird er begleitet von Ivan Mancinelli (Schlagwerk), Christina Schorn-Mancinelli (Gitarre) und David Gruber (Flöte). Die Bühnengestaltung [&hellip;]</p>
