{"id":11160,"date":"2022-06-10T11:52:24","date_gmt":"2022-06-10T09:52:24","guid":{"rendered":"https:\/\/www.hallein.com\/erleben\/veranstaltung\/stadtfestwoche-musikum-hallein-almbachmusi\/"},"modified":"2022-06-10T11:52:24","modified_gmt":"2022-06-10T09:52:24","slug":"stadtfestwoche-musikum-hallein-almbachmusi","status":"publish","type":"cpt_event","link":"https:\/\/www.hallein.com\/en\/erleben\/veranstaltung\/stadtfestwoche-musikum-hallein-almbachmusi\/","title":{"rendered":"Stadtfestwoche: Musikum Hallein &#038; Almbachmusi"},"content":{"rendered":"<p><strong>Eine B\u00fchne f\u00fcr Gro\u00df und Klein. Die Sch\u00fclerInnen des Musikum Hallein geben Ihr Stelldichein. Abgerundet wird das Programm von der Almbach Musi. <\/strong><\/p>\n<p>Das Repertoire besteht aus einem Feuerwerk traditioneller Volksmusik und j\u00fcngerer Kompositionen. Werke von Peter Moser und Andreas E\u00dfl sind aus deren Programm schon fast nicht mehr wegzudenken.<\/p>\n<p>Der Eintritt ist frei!<\/p>\n","protected":false},"excerpt":{"rendered":"<p>Eine B\u00fchne f\u00fcr Gro\u00df und Klein. Die Sch\u00fclerInnen des Musikum Hallein geben Ihr Stelldichein. Abgerundet wird das Programm von der Almbach Musi. Das Repertoire besteht aus einem Feuerwerk traditioneller Volksmusik und j\u00fcngerer Kompositionen. Werke von Peter Moser und Andreas E\u00dfl sind aus deren Programm schon fast nicht mehr wegzudenken. Der Eintritt ist frei!<\/p>\n","protected":false},"featured_media":10355,"menu_order":0,"template":"","class_list":["post-11160","cpt_event","type-cpt_event","status-publish","has-post-thumbnail","hentry"],"acf":[],"_links":{"self":[{"href":"https:\/\/www.hallein.com\/en\/wp-json\/wp\/v2\/cpt_event\/11160","targetHints":{"allow":["GET"]}}],"collection":[{"href":"https:\/\/www.hallein.com\/en\/wp-json\/wp\/v2\/cpt_event"}],"about":[{"href":"https:\/\/www.hallein.com\/en\/wp-json\/wp\/v2\/types\/cpt_event"}],"wp:featuredmedia":[{"embeddable":true,"href":"https:\/\/www.hallein.com\/en\/wp-json\/wp\/v2\/media\/10355"}],"wp:attachment":[{"href":"https:\/\/www.hallein.com\/en\/wp-json\/wp\/v2\/media?parent=11160"}],"curies":[{"name":"wp","href":"https:\/\/api.w.org\/{rel}","templated":true}]}}

<p><strong>Eine Bühne für Groß und Klein. Die SchülerInnen des Musikum Hallein geben Ihr Stelldichein. Abgerundet wird das Programm von der Almbach Musi. </strong></p>
<p>Das Repertoire besteht aus einem Feuerwerk traditioneller Volksmusik und jüngerer Kompositionen. Werke von Peter Moser und Andreas Eßl sind aus deren Programm schon fast nicht mehr wegzudenken.</p>
<p>Der Eintritt ist frei!</p>

<p>Eine Bühne für Groß und Klein. Die SchülerInnen des Musikum Hallein geben Ihr Stelldichein. Abgerundet wird das Programm von der Almbach Musi. Das Repertoire besteht aus einem Feuerwerk traditioneller Volksmusik und jüngerer Kompositionen. Werke von Peter Moser und Andreas Eßl sind aus deren Programm schon fast nicht mehr wegzudenken. Der Eintritt ist frei!</p>
