{"id":11154,"date":"2022-07-29T16:09:20","date_gmt":"2022-07-29T14:09:20","guid":{"rendered":"https:\/\/www.hallein.com\/erleben\/veranstaltung\/gilbert-george\/"},"modified":"2022-07-29T16:09:20","modified_gmt":"2022-07-29T14:09:20","slug":"gilbert-george","status":"publish","type":"cpt_event","link":"https:\/\/www.hallein.com\/en\/erleben\/veranstaltung\/gilbert-george\/","title":{"rendered":"Gilbert &#038; George"},"content":{"rendered":"<p><strong>Das weltber\u00fchmte britische K\u00fcnstlerduo Gilbert &amp; George pr\u00e4sentiert ausgew\u00e4hlte Arbeiten aus einem Zeitraum von 2007 bis 2013 im besonderen Ambiente des Keltenmuseum Hallein \u2013 im Dialog mit seiner Architektur, den historischen F\u00fcrstenzimmern und Objekten aus der Eisenzeit.<\/strong><\/p>\n<p>Gilbert war vor seiner Weltkarriere in Gro\u00dfbritannien Sch\u00fcler der Bildhauerschule Hallein. Deren aktuelles Jubil\u00e4um zum 151-j\u00e4hrigen Bestehen ist nunmehr Anlass f\u00fcr die Ausstellung Gilberts am Ort seiner einstigen Ausbildung als Bildhauer. Gilbert &amp; George gelten durch ihr gemeinsames Auftreten, ihren Habitus und ihre Kleidung als \u201eLiving Sculpture\u201c und haben damit ma\u00dfgeblich zur Erweiterung des Skulpturenbegriffes beigetragen. Die Ausstellung l\u00e4uft bis 2. Oktober 2022.<\/p>\n<p>F\u00fchrungen durch die Sonderausstellung:<br \/>\nFreitag, 9. September, 14 Uhr<br \/>\nFreitag, 23. September, 16 Uhr<\/p>\n<p>Anmeldung unter: <a href=\"mailto:besucherservice@keltenmuseum.at\">besucherservice@keltenmuseum.at<\/a> oder Tel.: <a href=\"tel:+43 6245 80783\">+43 6245 80783<\/a><br \/>\nKosten: 2,50 Euro zuz\u00fcgl. Museumseintritt<\/p>\n","protected":false},"excerpt":{"rendered":"<p>Das weltber\u00fchmte britische K\u00fcnstlerduo Gilbert &amp; George pr\u00e4sentiert ausgew\u00e4hlte Arbeiten aus einem Zeitraum von 2007 bis 2013 im besonderen Ambiente des Keltenmuseum Hallein \u2013 im Dialog mit seiner Architektur, den historischen F\u00fcrstenzimmern und Objekten aus der Eisenzeit. Gilbert war vor seiner Weltkarriere in Gro\u00dfbritannien Sch\u00fcler der Bildhauerschule Hallein. Deren aktuelles Jubil\u00e4um zum 151-j\u00e4hrigen Bestehen ist [&hellip;]<\/p>\n","protected":false},"featured_media":10397,"menu_order":0,"template":"","class_list":["post-11154","cpt_event","type-cpt_event","status-publish","has-post-thumbnail","hentry"],"acf":[],"_links":{"self":[{"href":"https:\/\/www.hallein.com\/en\/wp-json\/wp\/v2\/cpt_event\/11154","targetHints":{"allow":["GET"]}}],"collection":[{"href":"https:\/\/www.hallein.com\/en\/wp-json\/wp\/v2\/cpt_event"}],"about":[{"href":"https:\/\/www.hallein.com\/en\/wp-json\/wp\/v2\/types\/cpt_event"}],"wp:featuredmedia":[{"embeddable":true,"href":"https:\/\/www.hallein.com\/en\/wp-json\/wp\/v2\/media\/10397"}],"wp:attachment":[{"href":"https:\/\/www.hallein.com\/en\/wp-json\/wp\/v2\/media?parent=11154"}],"curies":[{"name":"wp","href":"https:\/\/api.w.org\/{rel}","templated":true}]}}

<p><strong>Das weltberühmte britische Künstlerduo Gilbert &amp; George präsentiert ausgewählte Arbeiten aus einem Zeitraum von 2007 bis 2013 im besonderen Ambiente des Keltenmuseum Hallein – im Dialog mit seiner Architektur, den historischen Fürstenzimmern und Objekten aus der Eisenzeit.</strong></p>
<p>Gilbert war vor seiner Weltkarriere in Großbritannien Schüler der Bildhauerschule Hallein. Deren aktuelles Jubiläum zum 151-jährigen Bestehen ist nunmehr Anlass für die Ausstellung Gilberts am Ort seiner einstigen Ausbildung als Bildhauer. Gilbert &amp; George gelten durch ihr gemeinsames Auftreten, ihren Habitus und ihre Kleidung als „Living Sculpture“ und haben damit maßgeblich zur Erweiterung des Skulpturenbegriffes beigetragen. Die Ausstellung läuft bis 2. Oktober 2022.</p>
<p>Führungen durch die Sonderausstellung:<br />
Freitag, 9. September, 14 Uhr<br />
Freitag, 23. September, 16 Uhr</p>
<p>Anmeldung unter: <a href="mailto:besucherservice@keltenmuseum.at">besucherservice@keltenmuseum.at</a> oder Tel.: <a href="tel:+43 6245 80783">+43 6245 80783</a><br />
Kosten: 2,50 Euro zuzügl. Museumseintritt</p>

<p>Das weltberühmte britische Künstlerduo Gilbert &amp; George präsentiert ausgewählte Arbeiten aus einem Zeitraum von 2007 bis 2013 im besonderen Ambiente des Keltenmuseum Hallein – im Dialog mit seiner Architektur, den historischen Fürstenzimmern und Objekten aus der Eisenzeit. Gilbert war vor seiner Weltkarriere in Großbritannien Schüler der Bildhauerschule Hallein. Deren aktuelles Jubiläum zum 151-jährigen Bestehen ist [&hellip;]</p>
