{"id":11151,"date":"2022-08-26T11:47:43","date_gmt":"2022-08-26T09:47:43","guid":{"rendered":"https:\/\/www.hallein.com\/erleben\/veranstaltung\/bodi-end-sole-garten-zu-lassen\/"},"modified":"2022-08-26T11:47:43","modified_gmt":"2022-08-26T09:47:43","slug":"bodi-end-sole-garten-zu-lassen","status":"publish","type":"cpt_event","link":"https:\/\/www.hallein.com\/en\/erleben\/veranstaltung\/bodi-end-sole-garten-zu-lassen\/","title":{"rendered":"bodi end sole: Garten zu-lassen"},"content":{"rendered":"<p><strong>Eine Sprechperformance rund um die Frage, wer hier eigentlich wen zul\u00e4sst.<\/strong><\/p>\n<p><strong>Das gelobte Land, der Garten, das kleine Paradies rankt sich empor an einer S\u00e4ule, die im Schatten eines Baumes steht. Ein buntes Sprech- und Schauprogramm wird ausgebreitet. Mal klingt es fr\u00f6hlich, mal t\u00f6nt es schauderhaft, mal spricht die Sehnsucht nach dem Ort der Stille, dann wieder die Erkenntnis \u00fcber das unwiederbringlich verloren gegangene Paradies.<\/strong><\/p>\n<p>Texte unter anderem von Oscar Wilde, Josef Guggenmos, Judith Holofernes, Dirk H\u00fclstrunk, Karel Capek, Ernst Jandel, Hans Magnus Enzensberger, R\u00fcmi, Fran Hohler, Rose Ausl\u00e4nder und weiteren Geschichten rund um den Garten.<\/p>\n<p>Tickets sind an der Abendkassa erh\u00e4ltlich. Eine Veranstaltung im Rahmen der YnselZeit.<\/p>\n<p>&nbsp;<\/p>\n","protected":false},"excerpt":{"rendered":"<p>Eine Sprechperformance rund um die Frage, wer hier eigentlich wen zul\u00e4sst. Das gelobte Land, der Garten, das kleine Paradies rankt sich empor an einer S\u00e4ule, die im Schatten eines Baumes steht. Ein buntes Sprech- und Schauprogramm wird ausgebreitet. Mal klingt es fr\u00f6hlich, mal t\u00f6nt es schauderhaft, mal spricht die Sehnsucht nach dem Ort der Stille, [&hellip;]<\/p>\n","protected":false},"featured_media":10404,"menu_order":0,"template":"","class_list":["post-11151","cpt_event","type-cpt_event","status-publish","has-post-thumbnail","hentry"],"acf":[],"_links":{"self":[{"href":"https:\/\/www.hallein.com\/en\/wp-json\/wp\/v2\/cpt_event\/11151","targetHints":{"allow":["GET"]}}],"collection":[{"href":"https:\/\/www.hallein.com\/en\/wp-json\/wp\/v2\/cpt_event"}],"about":[{"href":"https:\/\/www.hallein.com\/en\/wp-json\/wp\/v2\/types\/cpt_event"}],"wp:featuredmedia":[{"embeddable":true,"href":"https:\/\/www.hallein.com\/en\/wp-json\/wp\/v2\/media\/10404"}],"wp:attachment":[{"href":"https:\/\/www.hallein.com\/en\/wp-json\/wp\/v2\/media?parent=11151"}],"curies":[{"name":"wp","href":"https:\/\/api.w.org\/{rel}","templated":true}]}}

<p><strong>Eine Sprechperformance rund um die Frage, wer hier eigentlich wen zulässt.</strong></p>
<p><strong>Das gelobte Land, der Garten, das kleine Paradies rankt sich empor an einer Säule, die im Schatten eines Baumes steht. Ein buntes Sprech- und Schauprogramm wird ausgebreitet. Mal klingt es fröhlich, mal tönt es schauderhaft, mal spricht die Sehnsucht nach dem Ort der Stille, dann wieder die Erkenntnis über das unwiederbringlich verloren gegangene Paradies.</strong></p>
<p>Texte unter anderem von Oscar Wilde, Josef Guggenmos, Judith Holofernes, Dirk Hülstrunk, Karel Capek, Ernst Jandel, Hans Magnus Enzensberger, Rümi, Fran Hohler, Rose Ausländer und weiteren Geschichten rund um den Garten.</p>
<p>Tickets sind an der Abendkassa erhältlich. Eine Veranstaltung im Rahmen der YnselZeit.</p>
<p>&nbsp;</p>

<p>Eine Sprechperformance rund um die Frage, wer hier eigentlich wen zulässt. Das gelobte Land, der Garten, das kleine Paradies rankt sich empor an einer Säule, die im Schatten eines Baumes steht. Ein buntes Sprech- und Schauprogramm wird ausgebreitet. Mal klingt es fröhlich, mal tönt es schauderhaft, mal spricht die Sehnsucht nach dem Ort der Stille, [&hellip;]</p>
