{"id":11135,"date":"2022-10-06T15:13:22","date_gmt":"2022-10-06T13:13:22","guid":{"rendered":"https:\/\/www.hallein.com\/erleben\/veranstaltung\/die-lutherin-gegenwind-festival\/"},"modified":"2022-10-06T15:13:22","modified_gmt":"2022-10-06T13:13:22","slug":"die-lutherin-gegenwind-festival","status":"publish","type":"cpt_event","link":"https:\/\/www.hallein.com\/en\/erleben\/veranstaltung\/die-lutherin-gegenwind-festival\/","title":{"rendered":"Die Lutherin @ Gegenwind Festival"},"content":{"rendered":"<p><strong>bodi end sole \/ Kammeroper von August\u00edn Castilla-\u00c1vila<\/p>\n<p> \u201eEine Oper von enormer Komplexit\u00e4t, der das Publikum mit einer Stille und einem Respekt folgte, der seinesgleichen sucht.\u201c so beschrieb die renommierte Opernzeitschrift \u201ePlatea Magazine\u201c die Auff\u00fchrung \u201eDie Lutherin\u201c beim Opernfestival 2018 in Zamora\/ Spanien und f\u00fchrt dann weiter aus: \u201eDer Text aus dem Mund der Witwe Martin Luthers kann als protofeministisch bezeichnet werden\u2026&#8221;  Katharina von Bora, die Ehefrau des Reformators Martin Luther, erz\u00e4hlt am Ende ihres Lebens ihre Geschichte. <\/strong><\/p>\n<p>Sie hat als junge Nonne das Kloster verlassen, um sich mit acht Mitschwestern den Freiheitsworten Martins, der damals noch ein Augustiner Eremit war, anzuschlie\u00dfen und sich in seinen Schutz zu begeben, denn: Aus dem Kloster entflohenen Nonnen drohte die Todesstrafe. Liebe auf den ersten Blick war es wohl nicht, die dazu f\u00fchrte, dass der ehemalige M\u00f6nch Dr. Martin Luther seine t\u00fcchtige K\u00e4the heiratete. Letztere soll als frischgebackene Ehefrau gleich einmal die vergammelte Matratze entsorgt haben &#8230;<\/p>\n","protected":false},"excerpt":{"rendered":"<p>bodi end sole \/ Kammeroper von August\u00edn Castilla-\u00c1vila \u201eEine Oper von enormer Komplexit\u00e4t, der das Publikum mit einer Stille und einem Respekt folgte, der seinesgleichen sucht.\u201c so beschrieb die renommierte Opernzeitschrift \u201ePlatea Magazine\u201c die Auff\u00fchrung \u201eDie Lutherin\u201c beim Opernfestival 2018 in Zamora\/ Spanien und f\u00fchrt dann weiter aus: \u201eDer Text aus dem Mund der Witwe [&hellip;]<\/p>\n","protected":false},"featured_media":10413,"menu_order":0,"template":"","class_list":["post-11135","cpt_event","type-cpt_event","status-publish","has-post-thumbnail","hentry"],"acf":[],"_links":{"self":[{"href":"https:\/\/www.hallein.com\/en\/wp-json\/wp\/v2\/cpt_event\/11135","targetHints":{"allow":["GET"]}}],"collection":[{"href":"https:\/\/www.hallein.com\/en\/wp-json\/wp\/v2\/cpt_event"}],"about":[{"href":"https:\/\/www.hallein.com\/en\/wp-json\/wp\/v2\/types\/cpt_event"}],"wp:featuredmedia":[{"embeddable":true,"href":"https:\/\/www.hallein.com\/en\/wp-json\/wp\/v2\/media\/10413"}],"wp:attachment":[{"href":"https:\/\/www.hallein.com\/en\/wp-json\/wp\/v2\/media?parent=11135"}],"curies":[{"name":"wp","href":"https:\/\/api.w.org\/{rel}","templated":true}]}}

<p><strong>bodi end sole / Kammeroper von Augustín Castilla-Ávila</p>
<p> „Eine Oper von enormer Komplexität, der das Publikum mit einer Stille und einem Respekt folgte, der seinesgleichen sucht.“ so beschrieb die renommierte Opernzeitschrift „Platea Magazine“ die Aufführung „Die Lutherin“ beim Opernfestival 2018 in Zamora/ Spanien und führt dann weiter aus: „Der Text aus dem Mund der Witwe Martin Luthers kann als protofeministisch bezeichnet werden…&#8221;  Katharina von Bora, die Ehefrau des Reformators Martin Luther, erzählt am Ende ihres Lebens ihre Geschichte. </strong></p>
<p>Sie hat als junge Nonne das Kloster verlassen, um sich mit acht Mitschwestern den Freiheitsworten Martins, der damals noch ein Augustiner Eremit war, anzuschließen und sich in seinen Schutz zu begeben, denn: Aus dem Kloster entflohenen Nonnen drohte die Todesstrafe. Liebe auf den ersten Blick war es wohl nicht, die dazu führte, dass der ehemalige Mönch Dr. Martin Luther seine tüchtige Käthe heiratete. Letztere soll als frischgebackene Ehefrau gleich einmal die vergammelte Matratze entsorgt haben &#8230;</p>

<p>bodi end sole / Kammeroper von Augustín Castilla-Ávila „Eine Oper von enormer Komplexität, der das Publikum mit einer Stille und einem Respekt folgte, der seinesgleichen sucht.“ so beschrieb die renommierte Opernzeitschrift „Platea Magazine“ die Aufführung „Die Lutherin“ beim Opernfestival 2018 in Zamora/ Spanien und führt dann weiter aus: „Der Text aus dem Mund der Witwe [&hellip;]</p>
