{"id":11098,"date":"2022-12-27T10:54:35","date_gmt":"2022-12-27T09:54:35","guid":{"rendered":"https:\/\/www.hallein.com\/erleben\/veranstaltung\/kaltenhausen-gstanzlsingen-2023\/"},"modified":"2022-12-27T10:54:35","modified_gmt":"2022-12-27T09:54:35","slug":"kaltenhausen-gstanzlsingen-2023","status":"publish","type":"cpt_event","link":"https:\/\/www.hallein.com\/en\/erleben\/veranstaltung\/kaltenhausen-gstanzlsingen-2023\/","title":{"rendered":"Kaltenhausen G&#8217;stanzlsingen 2023"},"content":{"rendered":"<p><strong>30 Jahr-Jubil\u00e4um des humorigen fest der Volksmusik<\/p>\n<p>Beim ersten Gstanzlsingen in Kaltenhausen waren es 400 G\u00e4ste, die in den Brauerei-Festsaal kamen, um die besten Gstanzln aus \u00d6sterreich und Bayern zu h\u00f6ren. Aufgrund der gro\u00dfen Nachfrage und Beliebtheit entschloss man sich anschlie\u00dfend, das Gstanzlsingen in einem gr\u00f6\u00dferen Zelt und sp\u00e4ter dann in der heutigen Festhalle mit \u00fcber 2.000 Besuchern an zwei Tagen zu veranstalten. <\/strong><\/p>\n<p>Das Kaltenhauser G&#8217;stanzlsingen gilt heute noch als die Schmiede des G&#8217;stanzlsingens und wirkte seither als Vorbild f\u00fcr viele Veranstalter und Vereine. Beim 30. Kaltenhauser Gstanzlsingen werden Ausnahmek\u00f6nner wie \u201eDie Steirische Streich\u201c, \u201eTom &#038; Basti\u201c, \u201eB\u00e4ff\u201c und viele mehr die Festhalle in Kaltenhausen wieder zum Klingen bringen.<\/p>\n","protected":false},"excerpt":{"rendered":"<p>30 Jahr-Jubil\u00e4um des humorigen fest der Volksmusik Beim ersten Gstanzlsingen in Kaltenhausen waren es 400 G\u00e4ste, die in den Brauerei-Festsaal kamen, um die besten Gstanzln aus \u00d6sterreich und Bayern zu h\u00f6ren. Aufgrund der gro\u00dfen Nachfrage und Beliebtheit entschloss man sich anschlie\u00dfend, das Gstanzlsingen in einem gr\u00f6\u00dferen Zelt und sp\u00e4ter dann in der heutigen Festhalle mit [&hellip;]<\/p>\n","protected":false},"featured_media":9961,"menu_order":0,"template":"","class_list":["post-11098","cpt_event","type-cpt_event","status-publish","has-post-thumbnail","hentry"],"acf":[],"_links":{"self":[{"href":"https:\/\/www.hallein.com\/en\/wp-json\/wp\/v2\/cpt_event\/11098","targetHints":{"allow":["GET"]}}],"collection":[{"href":"https:\/\/www.hallein.com\/en\/wp-json\/wp\/v2\/cpt_event"}],"about":[{"href":"https:\/\/www.hallein.com\/en\/wp-json\/wp\/v2\/types\/cpt_event"}],"wp:featuredmedia":[{"embeddable":true,"href":"https:\/\/www.hallein.com\/en\/wp-json\/wp\/v2\/media\/9961"}],"wp:attachment":[{"href":"https:\/\/www.hallein.com\/en\/wp-json\/wp\/v2\/media?parent=11098"}],"curies":[{"name":"wp","href":"https:\/\/api.w.org\/{rel}","templated":true}]}}

<p><strong>30 Jahr-Jubiläum des humorigen fest der Volksmusik</p>
<p>Beim ersten Gstanzlsingen in Kaltenhausen waren es 400 Gäste, die in den Brauerei-Festsaal kamen, um die besten Gstanzln aus Österreich und Bayern zu hören. Aufgrund der großen Nachfrage und Beliebtheit entschloss man sich anschließend, das Gstanzlsingen in einem größeren Zelt und später dann in der heutigen Festhalle mit über 2.000 Besuchern an zwei Tagen zu veranstalten. </strong></p>
<p>Das Kaltenhauser G&#8217;stanzlsingen gilt heute noch als die Schmiede des G&#8217;stanzlsingens und wirkte seither als Vorbild für viele Veranstalter und Vereine. Beim 30. Kaltenhauser Gstanzlsingen werden Ausnahmekönner wie „Die Steirische Streich“, „Tom &#038; Basti“, „Bäff“ und viele mehr die Festhalle in Kaltenhausen wieder zum Klingen bringen.</p>

<p>30 Jahr-Jubiläum des humorigen fest der Volksmusik Beim ersten Gstanzlsingen in Kaltenhausen waren es 400 Gäste, die in den Brauerei-Festsaal kamen, um die besten Gstanzln aus Österreich und Bayern zu hören. Aufgrund der großen Nachfrage und Beliebtheit entschloss man sich anschließend, das Gstanzlsingen in einem größeren Zelt und später dann in der heutigen Festhalle mit [&hellip;]</p>
