{"id":11068,"date":"2023-02-09T13:45:27","date_gmt":"2023-02-09T12:45:27","guid":{"rendered":"https:\/\/www.hallein.com\/erleben\/veranstaltung\/stankovic-und-die-faschingsleich-7\/"},"modified":"2023-02-09T13:45:27","modified_gmt":"2023-02-09T12:45:27","slug":"stankovic-und-die-faschingsleich-7","status":"publish","type":"cpt_event","link":"https:\/\/www.hallein.com\/en\/erleben\/veranstaltung\/stankovic-und-die-faschingsleich-7\/","title":{"rendered":"Stankovic und die Faschingsleich"},"content":{"rendered":"<p><strong>Theater am D\u00fcrrnberg<\/strong><\/p>\n<p><strong>Eine \u201eMordsgaudi\u201c im wahrsten Sinne haben alle Beteiligten in dieser krachenden Kom\u00f6die \u2013 bis auf den Boandl, denn der ist auf der Strecke geblieben. Wenn er eines nat\u00fcrlichen Todes gestorben ist, warum versucht dann jemand, seine Leiche beiseite zu schaffen? Der Dorfpolizist m\u00f6chte am liebsten einfach ins Bett, aber da macht ihm Kommissar Stankovic einen geh\u00f6rigen Strich durch die Rechnung \u2013 wie auch den anderen Faschingsbesuchern, die immer verd\u00e4chtiger werden, denn eine Mordswut hatten viele&#8230;<\/strong><\/p>\n<p>Unter der Regie von Daniela Meschtscherjakov, hat das Theater am D\u00fcrrnberg ein lustiges und spannendes St\u00fcck gefunden, dass garantiert f\u00fcr Mordsgaudi sorgen wird.\u00a0 Seit 2020 wartet die Faschingsleich auf ihre \u201eWiederbelebung\u201c, die nun zur Freude aller erfolgen kann.<br \/>\n<strong><br \/>\n&#8211;> <a href=\"https:\/\/www.hallein.com\/wp-content\/uploads\/2023\/02\/Flyer_Stankovic2023.pdf\">Programm Flyer<\/a><\/strong><\/p>\n","protected":false},"excerpt":{"rendered":"<p>Theater am D\u00fcrrnberg Eine \u201eMordsgaudi\u201c im wahrsten Sinne haben alle Beteiligten in dieser krachenden Kom\u00f6die \u2013 bis auf den Boandl, denn der ist auf der Strecke geblieben. Wenn er eines nat\u00fcrlichen Todes gestorben ist, warum versucht dann jemand, seine Leiche beiseite zu schaffen? Der Dorfpolizist m\u00f6chte am liebsten einfach ins Bett, aber da macht ihm [&hellip;]<\/p>\n","protected":false},"featured_media":10527,"menu_order":0,"template":"","class_list":["post-11068","cpt_event","type-cpt_event","status-publish","has-post-thumbnail","hentry"],"acf":[],"_links":{"self":[{"href":"https:\/\/www.hallein.com\/en\/wp-json\/wp\/v2\/cpt_event\/11068","targetHints":{"allow":["GET"]}}],"collection":[{"href":"https:\/\/www.hallein.com\/en\/wp-json\/wp\/v2\/cpt_event"}],"about":[{"href":"https:\/\/www.hallein.com\/en\/wp-json\/wp\/v2\/types\/cpt_event"}],"wp:featuredmedia":[{"embeddable":true,"href":"https:\/\/www.hallein.com\/en\/wp-json\/wp\/v2\/media\/10527"}],"wp:attachment":[{"href":"https:\/\/www.hallein.com\/en\/wp-json\/wp\/v2\/media?parent=11068"}],"curies":[{"name":"wp","href":"https:\/\/api.w.org\/{rel}","templated":true}]}}

<p><strong>Theater am Dürrnberg</strong></p>
<p><strong>Eine „Mordsgaudi“ im wahrsten Sinne haben alle Beteiligten in dieser krachenden Komödie – bis auf den Boandl, denn der ist auf der Strecke geblieben. Wenn er eines natürlichen Todes gestorben ist, warum versucht dann jemand, seine Leiche beiseite zu schaffen? Der Dorfpolizist möchte am liebsten einfach ins Bett, aber da macht ihm Kommissar Stankovic einen gehörigen Strich durch die Rechnung – wie auch den anderen Faschingsbesuchern, die immer verdächtiger werden, denn eine Mordswut hatten viele&#8230;</strong></p>
<p>Unter der Regie von Daniela Meschtscherjakov, hat das Theater am Dürrnberg ein lustiges und spannendes Stück gefunden, dass garantiert für Mordsgaudi sorgen wird.  Seit 2020 wartet die Faschingsleich auf ihre „Wiederbelebung“, die nun zur Freude aller erfolgen kann.<br />
<strong><br />
&#8211;> <a href="https://www.hallein.com/wp-content/uploads/2023/02/Flyer_Stankovic2023.pdf">Programm Flyer</a></strong></p>

<p>Theater am Dürrnberg Eine „Mordsgaudi“ im wahrsten Sinne haben alle Beteiligten in dieser krachenden Komödie – bis auf den Boandl, denn der ist auf der Strecke geblieben. Wenn er eines natürlichen Todes gestorben ist, warum versucht dann jemand, seine Leiche beiseite zu schaffen? Der Dorfpolizist möchte am liebsten einfach ins Bett, aber da macht ihm [&hellip;]</p>
