{"id":11038,"date":"2023-04-18T14:36:09","date_gmt":"2023-04-18T12:36:09","guid":{"rendered":"https:\/\/www.hallein.com\/erleben\/veranstaltung\/kurkonzert-bad-duerrnberg-6\/"},"modified":"2023-04-18T14:36:09","modified_gmt":"2023-04-18T12:36:09","slug":"kurkonzert-bad-duerrnberg-6","status":"publish","type":"cpt_event","link":"https:\/\/www.hallein.com\/en\/erleben\/veranstaltung\/kurkonzert-bad-duerrnberg-6\/","title":{"rendered":"Kurkonzert Bad D\u00fcrrnberg"},"content":{"rendered":"<p><strong>Sommerkonzerte der Bergknappenmusikkapelle D\u00fcrrnberg<\/strong><\/p>\n<p><strong>Jeden Sommer veranstaltet die Bergknappenmusikkapelle D\u00fcrrnberg diese Open-Air-Konzertreihe im Kurpark D\u00fcrrnberg, oberhalb der Wallfahrtskirche Maria D\u00fcrrnberg und neben dem OptimaMed Gesundheitsresort St. Josef. Genie\u00dfen Sie in herrlicher Kulisse das vielf\u00e4ltige Repertoire unserer Kapelle, das von Pop-Hits von ABBA, \u00fcber spanische und s\u00fcdamerikanische Rhythmen bis hin zu Blasmusikklassikern wie Zirkus Renz reicht. <\/strong><\/p>\n<p>Unsere Marketenderinnen versorgen Sie w\u00e4hrend dem Konzert mit k\u00fchlen Getr\u00e4nken. Die Konzerte finden Dienstags nur bei Sch\u00f6nwetter statt! Bitte beachten Sie die Ausweichtermine. Der Eintritt ist frei.<\/p>\n<p>&nbsp;<\/p>\n","protected":false},"excerpt":{"rendered":"<p>Sommerkonzerte der Bergknappenmusikkapelle D\u00fcrrnberg Jeden Sommer veranstaltet die Bergknappenmusikkapelle D\u00fcrrnberg diese Open-Air-Konzertreihe im Kurpark D\u00fcrrnberg, oberhalb der Wallfahrtskirche Maria D\u00fcrrnberg und neben dem OptimaMed Gesundheitsresort St. Josef. Genie\u00dfen Sie in herrlicher Kulisse das vielf\u00e4ltige Repertoire unserer Kapelle, das von Pop-Hits von ABBA, \u00fcber spanische und s\u00fcdamerikanische Rhythmen bis hin zu Blasmusikklassikern wie Zirkus Renz reicht. [&hellip;]<\/p>\n","protected":false},"featured_media":10580,"menu_order":0,"template":"","class_list":["post-11038","cpt_event","type-cpt_event","status-publish","has-post-thumbnail","hentry"],"acf":[],"_links":{"self":[{"href":"https:\/\/www.hallein.com\/en\/wp-json\/wp\/v2\/cpt_event\/11038","targetHints":{"allow":["GET"]}}],"collection":[{"href":"https:\/\/www.hallein.com\/en\/wp-json\/wp\/v2\/cpt_event"}],"about":[{"href":"https:\/\/www.hallein.com\/en\/wp-json\/wp\/v2\/types\/cpt_event"}],"wp:featuredmedia":[{"embeddable":true,"href":"https:\/\/www.hallein.com\/en\/wp-json\/wp\/v2\/media\/10580"}],"wp:attachment":[{"href":"https:\/\/www.hallein.com\/en\/wp-json\/wp\/v2\/media?parent=11038"}],"curies":[{"name":"wp","href":"https:\/\/api.w.org\/{rel}","templated":true}]}}

Kurkonzert Bad Dürrnberg

<p><strong>Sommerkonzerte der Bergknappenmusikkapelle Dürrnberg</strong></p>
<p><strong>Jeden Sommer veranstaltet die Bergknappenmusikkapelle Dürrnberg diese Open-Air-Konzertreihe im Kurpark Dürrnberg, oberhalb der Wallfahrtskirche Maria Dürrnberg und neben dem OptimaMed Gesundheitsresort St. Josef. Genießen Sie in herrlicher Kulisse das vielfältige Repertoire unserer Kapelle, das von Pop-Hits von ABBA, über spanische und südamerikanische Rhythmen bis hin zu Blasmusikklassikern wie Zirkus Renz reicht. </strong></p>
<p>Unsere Marketenderinnen versorgen Sie während dem Konzert mit kühlen Getränken. Die Konzerte finden Dienstags nur bei Schönwetter statt! Bitte beachten Sie die Ausweichtermine. Der Eintritt ist frei.</p>
<p>&nbsp;</p>

<p>Sommerkonzerte der Bergknappenmusikkapelle Dürrnberg Jeden Sommer veranstaltet die Bergknappenmusikkapelle Dürrnberg diese Open-Air-Konzertreihe im Kurpark Dürrnberg, oberhalb der Wallfahrtskirche Maria Dürrnberg und neben dem OptimaMed Gesundheitsresort St. Josef. Genießen Sie in herrlicher Kulisse das vielfältige Repertoire unserer Kapelle, das von Pop-Hits von ABBA, über spanische und südamerikanische Rhythmen bis hin zu Blasmusikklassikern wie Zirkus Renz reicht. [&hellip;]</p>
