{"id":10793,"date":"2021-05-25T11:11:39","date_gmt":"2021-05-25T09:11:39","guid":{"rendered":"https:\/\/www.hallein.com\/unternehmen\/frisuren-aller-art\/"},"modified":"2021-05-25T11:11:39","modified_gmt":"2021-05-25T09:11:39","slug":"frisuren-aller-art","status":"publish","type":"cpt_company","link":"https:\/\/www.hallein.com\/en\/unternehmen\/frisuren-aller-art\/","title":{"rendered":"Frisuren aller Art"},"content":{"rendered":"<ul>\n<li>Kreativer Herrensalon<\/li>\n<li>Individuelle Beratung<\/li>\n<li>Verr\u00fcckte, au\u00dfergew\u00f6hnliche Stylings<\/li>\n<li>Lounge, Jazz-Musik und Fotogalerie<\/li>\n<\/ul>\n","protected":false},"excerpt":{"rendered":"<p>Kreativer Herrensalon Individuelle Beratung Verr\u00fcckte, au\u00dfergew\u00f6hnliche Stylings Lounge, Jazz-Musik und Fotogalerie<\/p>\n","protected":false},"featured_media":8363,"menu_order":0,"template":"","class_list":["post-10793","cpt_company","type-cpt_company","status-publish","has-post-thumbnail","hentry"],"acf":[],"_links":{"self":[{"href":"https:\/\/www.hallein.com\/en\/wp-json\/wp\/v2\/cpt_company\/10793","targetHints":{"allow":["GET"]}}],"collection":[{"href":"https:\/\/www.hallein.com\/en\/wp-json\/wp\/v2\/cpt_company"}],"about":[{"href":"https:\/\/www.hallein.com\/en\/wp-json\/wp\/v2\/types\/cpt_company"}],"wp:featuredmedia":[{"embeddable":true,"href":"https:\/\/www.hallein.com\/en\/wp-json\/wp\/v2\/media\/8363"}],"wp:attachment":[{"href":"https:\/\/www.hallein.com\/en\/wp-json\/wp\/v2\/media?parent=10793"}],"curies":[{"name":"wp","href":"https:\/\/api.w.org\/{rel}","templated":true}]}}

<ul>
<li>Kreativer Herrensalon</li>
<li>Individuelle Beratung</li>
<li>Verrückte, außergewöhnliche Stylings</li>
<li>Lounge, Jazz-Musik und Fotogalerie</li>
</ul>

<p>Kreativer Herrensalon Individuelle Beratung Verrückte, außergewöhnliche Stylings Lounge, Jazz-Musik und Fotogalerie</p>
